Last updated on 2022-06-24 23:50:05 CEST.
Flavor | Version | Tinstall | Tcheck | Ttotal | Status | Flags |
---|---|---|---|---|---|---|
r-devel-linux-x86_64-debian-clang | 0.4.0 | 9.18 | 154.43 | 163.61 | OK | |
r-devel-linux-x86_64-debian-gcc | 0.4.0 | 7.51 | 111.98 | 119.49 | OK | |
r-devel-linux-x86_64-fedora-clang | 0.4.0 | 203.16 | NOTE | |||
r-devel-linux-x86_64-fedora-gcc | 0.4.0 | 202.63 | NOTE | |||
r-devel-windows-x86_64 | 0.4.0 | 17.00 | 179.00 | 196.00 | OK | |
r-patched-linux-x86_64 | 0.4.0 | 10.83 | 147.46 | 158.29 | OK | |
r-release-linux-x86_64 | 0.4.0 | 7.32 | 148.30 | 155.62 | OK | |
r-release-macos-arm64 | 0.4.0 | 64.00 | NOTE | |||
r-release-macos-x86_64 | 0.4.0 | 86.00 | NOTE | |||
r-release-windows-x86_64 | 0.4.0 | 20.00 | 176.00 | 196.00 | OK | |
r-oldrel-macos-arm64 | 0.4.0 | 110.00 | NOTE | |||
r-oldrel-macos-x86_64 | 0.4.0 | 111.00 | NOTE | |||
r-oldrel-windows-ix86+x86_64 | 0.4.0 | 19.00 | 181.00 | 200.00 | OK |
Version: 0.4.0
Check: dependencies in R code
Result: NOTE
Namespace in Imports field not imported from: ‘mathjaxr’
All declared Imports should be used.
Flavors: r-devel-linux-x86_64-fedora-clang, r-devel-linux-x86_64-fedora-gcc, r-release-macos-arm64, r-release-macos-x86_64, r-oldrel-macos-arm64, r-oldrel-macos-x86_64