CRAN Package Check Results for Package afmToolkit

Last updated on 2019-07-15 00:50:20 CEST.

Flavor Version Tinstall Tcheck Ttotal Status Flags
r-devel-linux-x86_64-debian-clang 0.0.1 6.47 56.20 62.67 OK
r-devel-linux-x86_64-debian-gcc 0.0.1 5.26 48.29 53.55 OK
r-devel-linux-x86_64-fedora-clang 0.0.1 82.78 NOTE
r-devel-linux-x86_64-fedora-gcc 0.0.1 76.69 NOTE
r-devel-windows-ix86+x86_64 0.0.1 12.00 76.00 88.00 OK
r-patched-linux-x86_64 0.0.1 6.45 60.27 66.72 OK
r-patched-solaris-x86 0.0.1 117.30 NOTE
r-release-linux-x86_64 0.0.1 5.87 60.69 66.56 OK
r-release-windows-ix86+x86_64 0.0.1 13.00 61.00 74.00 OK
r-release-osx-x86_64 0.0.1 NOTE
r-oldrel-windows-ix86+x86_64 0.0.1 11.00 88.00 99.00 OK
r-oldrel-osx-x86_64 0.0.1 NOTE

Check Details

Version: 0.0.1
Check: dependencies in R code
Result: NOTE
    Namespaces in Imports field not imported from:
     ‘DBI’ ‘assertthat’ ‘tibble’
     All declared Imports should be used.
Flavors: r-devel-linux-x86_64-fedora-clang, r-devel-linux-x86_64-fedora-gcc, r-patched-solaris-x86, r-release-osx-x86_64, r-oldrel-osx-x86_64