CRAN Package Check Results for Package afmToolkit

Last updated on 2019-10-20 23:47:19 CEST.

Flavor Version Tinstall Tcheck Ttotal Status Flags
r-devel-linux-x86_64-debian-clang 0.0.1 6.87 55.93 62.80 OK
r-devel-linux-x86_64-debian-gcc 0.0.1 5.42 46.99 52.41 OK
r-devel-linux-x86_64-fedora-clang 0.0.1 81.45 NOTE
r-devel-linux-x86_64-fedora-gcc 0.0.1 80.71 NOTE
r-devel-windows-ix86+x86_64 0.0.1 12.00 62.00 74.00 OK
r-patched-linux-x86_64 0.0.1 4.70 58.74 63.44 OK
r-patched-solaris-x86 0.0.1 115.10 NOTE
r-release-linux-x86_64 0.0.1 6.44 58.87 65.31 OK
r-release-windows-ix86+x86_64 0.0.1 17.00 63.00 80.00 OK
r-release-osx-x86_64 0.0.1 NOTE
r-oldrel-windows-ix86+x86_64 0.0.1 8.00 66.00 74.00 OK
r-oldrel-osx-x86_64 0.0.1 NOTE

Check Details

Version: 0.0.1
Check: dependencies in R code
Result: NOTE
    Namespaces in Imports field not imported from:
     ‘DBI’ ‘assertthat’ ‘tibble’
     All declared Imports should be used.
Flavors: r-devel-linux-x86_64-fedora-clang, r-devel-linux-x86_64-fedora-gcc, r-patched-solaris-x86, r-release-osx-x86_64, r-oldrel-osx-x86_64