CRAN Package Check Results for Package afdx

Last updated on 2022-11-26 23:58:09 CET.

Flavor Version Tinstall Tcheck Ttotal Status Flags
r-devel-linux-x86_64-debian-clang 1.1.1 5.79 87.90 93.69 NOTE
r-devel-linux-x86_64-debian-gcc 1.1.1 4.69 65.84 70.53 NOTE
r-devel-linux-x86_64-fedora-clang 1.1.1 124.46 NOTE
r-devel-linux-x86_64-fedora-gcc 1.1.1 121.99 NOTE
r-devel-windows-x86_64 1.1.1 22.00 125.00 147.00 NOTE
r-patched-linux-x86_64 1.1.1 OK
r-release-linux-x86_64 1.1.1 4.20 80.02 84.22 OK
r-release-macos-arm64 1.1.1 34.00 OK
r-release-macos-x86_64 1.1.1 66.00 NOTE
r-release-windows-x86_64 1.1.1 21.00 122.00 143.00 OK
r-oldrel-macos-arm64 1.1.1 47.00 NOTE
r-oldrel-macos-x86_64 1.1.1 56.00 OK
r-oldrel-windows-ix86+x86_64 1.1.1 15.00 112.00 127.00 OK

Check Details

Version: 1.1.1
Check: package subdirectories
Result: NOTE
    Problems with news in 'NEWS.md':
    No news entries found.
Flavors: r-devel-linux-x86_64-debian-clang, r-devel-linux-x86_64-debian-gcc, r-devel-linux-x86_64-fedora-clang, r-devel-linux-x86_64-fedora-gcc, r-devel-windows-x86_64

Version: 1.1.1
Check: package dependencies
Result: NOTE
    Package suggested but not available for checking: ‘rjags’
Flavors: r-release-macos-x86_64, r-oldrel-macos-arm64