CRAN Package Check Results for Package adpss

Last updated on 2020-05-24 23:47:38 CEST.

Flavor Version Tinstall Tcheck Ttotal Status Flags
r-devel-linux-x86_64-debian-clang 0.1.1 30.10 39.25 69.35 OK
r-devel-linux-x86_64-debian-gcc 0.1.1 25.92 29.09 55.01 OK
r-devel-linux-x86_64-fedora-clang 0.1.1 91.45 OK
r-devel-linux-x86_64-fedora-gcc 0.1.1 96.47 OK
r-devel-windows-ix86+x86_64 0.1.1 69.00 117.00 186.00 OK
r-patched-linux-x86_64 0.1.1 31.55 38.93 70.48 OK
r-patched-solaris-x86 0.1.1 119.30 OK
r-release-linux-x86_64 0.1.1 31.33 39.30 70.63 OK
r-release-osx-x86_64 0.1.1 OK
r-release-windows-ix86+x86_64 0.1.1 54.00 112.00 166.00 OK
r-oldrel-osx-x86_64 0.1.1 WARN
r-oldrel-windows-ix86+x86_64 0.1.1 53.00 114.00 167.00 OK

Check Details

Version: 0.1.1
Check: re-building of vignette outputs
Result: WARN
    Error(s) in re-building vignettes:
     ...
    --- re-building ‘adpss_ex.Rmd’ using rmarkdown
    Warning in engine$weave(file, quiet = quiet, encoding = enc) :
     Pandoc (>= 1.12.3) and/or pandoc-citeproc not available. Falling back to R Markdown v1.
    Error: processing vignette 'adpss_ex.Rmd' failed with diagnostics:
    there is no package called 'stringi'
    --- failed re-building ‘adpss_ex.Rmd’
    
    SUMMARY: processing the following file failed:
     ‘adpss_ex.Rmd’
    
    Error: Vignette re-building failed.
    Execution halted
Flavor: r-oldrel-osx-x86_64