CRAN Package Check Results for Package adpss

Last updated on 2019-10-20 23:47:19 CEST.

Flavor Version Tinstall Tcheck Ttotal Status Flags
r-devel-linux-x86_64-debian-clang 0.1.1 27.23 38.72 65.95 OK
r-devel-linux-x86_64-debian-gcc 0.1.1 25.74 27.92 53.66 OK
r-devel-linux-x86_64-fedora-clang 0.1.1 87.05 OK
r-devel-linux-x86_64-fedora-gcc 0.1.1 93.92 OK
r-devel-windows-ix86+x86_64 0.1.1 50.00 84.00 134.00 OK
r-patched-linux-x86_64 0.1.1 26.85 36.37 63.22 OK
r-patched-solaris-x86 0.1.1 112.30 OK
r-release-linux-x86_64 0.1.1 27.58 36.52 64.10 OK
r-release-windows-ix86+x86_64 0.1.1 59.00 81.00 140.00 OK
r-release-osx-x86_64 0.1.1 WARN
r-oldrel-windows-ix86+x86_64 0.1.1 43.00 89.00 132.00 OK
r-oldrel-osx-x86_64 0.1.1 OK

Check Details

Version: 0.1.1
Check: re-building of vignette outputs
Result: WARN
    Error(s) in re-building vignettes:
     ...
    --- re-building ‘adpss_ex.Rmd’ using rmarkdown
    Warning in engine$weave(file, quiet = quiet, encoding = enc) :
     Pandoc (>= 1.12.3) and/or pandoc-citeproc not available. Falling back to R Markdown v1.
    Error: processing vignette 'adpss_ex.Rmd' failed with diagnostics:
    there is no package called 'stringi'
    --- failed re-building ‘adpss_ex.Rmd’
    
    SUMMARY: processing the following file failed:
     ‘adpss_ex.Rmd’
    
    Error: Vignette re-building failed.
    Execution halted
Flavor: r-release-osx-x86_64