CRAN Package Check Results for Package adjclust

Last updated on 2020-05-24 23:47:38 CEST.

Flavor Version Tinstall Tcheck Ttotal Status Flags
r-devel-linux-x86_64-debian-clang 0.5.9 9.34 139.03 148.37 OK
r-devel-linux-x86_64-debian-gcc 0.5.9 8.54 106.63 115.17 OK
r-devel-linux-x86_64-fedora-clang 0.5.9 189.33 OK
r-devel-linux-x86_64-fedora-gcc 0.5.9 177.51 OK
r-devel-windows-ix86+x86_64 0.5.9 34.00 180.00 214.00 OK
r-patched-linux-x86_64 0.5.9 9.50 137.56 147.06 OK
r-patched-solaris-x86 0.5.9 275.20 OK
r-release-linux-x86_64 0.5.9 8.88 134.84 143.72 OK
r-release-osx-x86_64 0.5.9 NOTE
r-release-windows-ix86+x86_64 0.5.9 22.00 251.00 273.00 OK
r-oldrel-osx-x86_64 0.5.9 NOTE
r-oldrel-windows-ix86+x86_64 0.5.9 19.00 243.00 262.00 OK

Check Details

Version: 0.5.9
Check: package dependencies
Result: NOTE
    Package suggested but not available for checking: ‘HiTC’
Flavors: r-release-osx-x86_64, r-oldrel-osx-x86_64

Version: 0.5.9
Check: Rd cross-references
Result: NOTE
    Package unavailable to check Rd xrefs: ‘HiTC’
Flavors: r-release-osx-x86_64, r-oldrel-osx-x86_64