CRAN Package Check Results for Package adjclust

Last updated on 2019-10-13 23:47:14 CEST.

Flavor Version Tinstall Tcheck Ttotal Status Flags
r-devel-linux-x86_64-debian-clang 0.5.7 9.03 125.07 134.10 OK
r-devel-linux-x86_64-debian-gcc 0.5.7 6.58 96.93 103.51 OK
r-devel-linux-x86_64-fedora-clang 0.5.7 162.45 OK
r-devel-linux-x86_64-fedora-gcc 0.5.7 163.60 OK
r-devel-windows-ix86+x86_64 0.5.7 20.00 182.00 202.00 OK
r-patched-linux-x86_64 0.5.7 7.39 119.51 126.90 OK
r-patched-solaris-x86 0.5.7 252.90 OK
r-release-linux-x86_64 0.5.7 7.75 121.42 129.17 OK
r-release-windows-ix86+x86_64 0.5.7 26.00 239.00 265.00 OK
r-release-osx-x86_64 0.5.7 NOTE
r-oldrel-windows-ix86+x86_64 0.5.7 15.00 158.00 173.00 OK
r-oldrel-osx-x86_64 0.5.7 NOTE

Check Details

Version: 0.5.7
Check: package dependencies
Result: NOTE
    Packages suggested but not available for checking:
     'rioja', 'HiTC', 'snpStats', 'BiocGenerics'
Flavor: r-release-osx-x86_64

Version: 0.5.7
Check: Rd cross-references
Result: NOTE
    Packages unavailable to check Rd xrefs: ‘HiTC’, ‘snpStats’
Flavor: r-release-osx-x86_64

Version: 0.5.7
Check: package dependencies
Result: NOTE
    Package suggested but not available for checking: ‘HiTC’
Flavor: r-oldrel-osx-x86_64

Version: 0.5.7
Check: Rd cross-references
Result: NOTE
    Package unavailable to check Rd xrefs: ‘HiTC’
Flavor: r-oldrel-osx-x86_64