CRAN Package Check Results for Package adamethods

Last updated on 2022-11-29 22:53:30 CET.

Flavor Version Tinstall Tcheck Ttotal Status Flags
r-devel-linux-x86_64-debian-clang 1.2.1 23.18 162.33 185.51 NOTE
r-devel-linux-x86_64-debian-gcc 1.2.1 17.57 123.05 140.62 NOTE
r-devel-linux-x86_64-fedora-clang 1.2.1 232.28 NOTE
r-devel-linux-x86_64-fedora-gcc 1.2.1 225.69 NOTE
r-devel-windows-x86_64 1.2.1 34.00 200.00 234.00 NOTE
r-patched-linux-x86_64 1.2.1 22.52 150.12 172.64 NOTE
r-release-linux-x86_64 1.2.1 15.12 153.30 168.42 NOTE
r-release-macos-arm64 1.2.1 57.00 NOTE
r-release-macos-x86_64 1.2.1 106.00 NOTE
r-release-windows-x86_64 1.2.1 56.00 192.00 248.00 NOTE
r-oldrel-macos-arm64 1.2.1 68.00 NOTE
r-oldrel-macos-x86_64 1.2.1 115.00 NOTE
r-oldrel-windows-ix86+x86_64 1.2.1 41.00 181.00 222.00 NOTE

Check Details

Version: 1.2.1
Check: LazyData
Result: NOTE
     'LazyData' is specified without a 'data' directory
Flavors: r-devel-linux-x86_64-debian-clang, r-devel-linux-x86_64-debian-gcc, r-devel-linux-x86_64-fedora-clang, r-devel-linux-x86_64-fedora-gcc, r-devel-windows-x86_64, r-patched-linux-x86_64, r-release-linux-x86_64, r-release-macos-arm64, r-release-macos-x86_64, r-release-windows-x86_64, r-oldrel-macos-arm64, r-oldrel-macos-x86_64, r-oldrel-windows-ix86+x86_64