CRAN Package Check Results for Package ada

Last updated on 2022-09-25 23:56:07 CEST.

Flavor Version Tinstall Tcheck Ttotal Status Flags
r-devel-linux-x86_64-debian-clang 2.0-5 3.59 29.76 33.35 NOTE
r-devel-linux-x86_64-debian-gcc 2.0-5 2.23 23.48 25.71 NOTE
r-devel-linux-x86_64-fedora-clang 2.0-5 50.81 NOTE
r-devel-linux-x86_64-fedora-gcc 2.0-5 52.19 NOTE
r-devel-windows-x86_64 2.0-5 17.00 62.00 79.00 NOTE
r-patched-linux-x86_64 2.0-5 3.51 28.90 32.41 OK
r-release-linux-x86_64 2.0-5 2.71 28.66 31.37 OK
r-release-macos-arm64 2.0-5 19.00 OK
r-release-macos-x86_64 2.0-5 25.00 OK
r-release-windows-x86_64 2.0-5 16.00 62.00 78.00 OK
r-oldrel-macos-arm64 2.0-5 22.00 OK
r-oldrel-macos-x86_64 2.0-5 32.00 OK
r-oldrel-windows-ix86+x86_64 2.0-5 7.00 53.00 60.00 OK

Check Details

Version: 2.0-5
Check: Rd files
Result: NOTE
    checkRd: (-1) ada.Rd:171: Escaped LaTeX specials: \&
Flavors: r-devel-linux-x86_64-debian-clang, r-devel-linux-x86_64-debian-gcc, r-devel-linux-x86_64-fedora-clang, r-devel-linux-x86_64-fedora-gcc, r-devel-windows-x86_64