CRAN Package Check Results for Package ada

Last updated on 2020-04-05 23:47:12 CEST.

Flavor Version Tinstall Tcheck Ttotal Status Flags
r-devel-linux-x86_64-debian-clang 2.0-5 3.30 24.65 27.95 OK
r-devel-linux-x86_64-debian-gcc 2.0-5 0.27 1.88 2.15 ERROR
r-devel-linux-x86_64-fedora-clang 2.0-5 34.05 OK
r-devel-linux-x86_64-fedora-gcc 2.0-5 33.53 OK
r-devel-windows-ix86+x86_64 2.0-5 9.00 35.00 44.00 OK
r-devel-windows-ix86+x86_64-gcc8 2.0-5 6.00 38.00 44.00 OK
r-patched-linux-x86_64 2.0-5 2.97 24.27 27.24 OK
r-patched-solaris-x86 2.0-5 54.30 OK
r-release-linux-x86_64 2.0-5 2.28 22.83 25.11 OK
r-release-windows-ix86+x86_64 2.0-5 6.00 50.00 56.00 OK
r-release-osx-x86_64 2.0-5 OK
r-oldrel-windows-ix86+x86_64 2.0-5 5.00 34.00 39.00 OK
r-oldrel-osx-x86_64 2.0-5 OK

Check Details

Version: 2.0-5
Check: whether package can be installed
Result: ERROR
    Installation failed.
Flavor: r-devel-linux-x86_64-debian-gcc