CRAN Package Check Results for Package acc

Last updated on 2019-07-22 06:47:32 CEST.

Flavor Version Tinstall Tcheck Ttotal Status Flags
r-devel-linux-x86_64-debian-clang 1.3.3 50.28 62.32 112.60 OK
r-devel-linux-x86_64-debian-gcc 1.3.3 41.99 48.59 90.58 OK
r-devel-linux-x86_64-fedora-clang 1.3.3 156.59 NOTE
r-devel-linux-x86_64-fedora-gcc 1.3.3 149.99 NOTE
r-devel-windows-ix86+x86_64 1.3.3 106.00 162.00 268.00 OK
r-patched-linux-x86_64 1.3.3 51.92 61.07 112.99 OK
r-patched-solaris-x86 1.3.3 181.60 OK
r-release-linux-x86_64 1.3.3 51.85 60.91 112.76 OK
r-release-windows-ix86+x86_64 1.3.3 106.00 103.00 209.00 OK
r-release-osx-x86_64 1.3.3 OK
r-oldrel-windows-ix86+x86_64 1.3.3 145.00 106.00 251.00 OK
r-oldrel-osx-x86_64 1.3.3 OK

Check Details

Version: 1.3.3
Check: compiled code
Result: NOTE
    File ‘acc/libs/acc.so’:
     Found no calls to: ‘R_registerRoutines’, ‘R_useDynamicSymbols’
    
    It is good practice to register native routines and to disable symbol
    search.
    
    See ‘Writing portable packages’ in the ‘Writing R Extensions’ manual.
Flavors: r-devel-linux-x86_64-fedora-clang, r-devel-linux-x86_64-fedora-gcc