CRAN Package Check Results for Package abnormality

Last updated on 2022-01-23 23:50:09 CET.

Flavor Version Tinstall Tcheck Ttotal Status Flags
r-devel-linux-x86_64-debian-clang 0.1.0 2.11 29.47 31.58 NOTE
r-devel-linux-x86_64-debian-gcc 0.1.0 1.70 25.59 27.29 NOTE
r-devel-linux-x86_64-fedora-clang 0.1.0 40.21 NOTE
r-devel-linux-x86_64-fedora-gcc 0.1.0 28.69 NOTE
r-devel-windows-x86_64-new-UL 0.1.0 17.00 48.00 65.00 NOTE
r-devel-windows-x86_64-new-TK 0.1.0 NOTE
r-patched-linux-x86_64 0.1.0 1.78 29.00 30.78 NOTE
r-release-linux-x86_64 0.1.0 1.23 28.74 29.97 NOTE
r-release-macos-arm64 0.1.0 NOTE
r-release-macos-x86_64 0.1.0 NOTE
r-release-windows-ix86+x86_64 0.1.0 5.00 37.00 42.00 NOTE
r-oldrel-macos-x86_64 0.1.0 OK
r-oldrel-windows-ix86+x86_64 0.1.0 5.00 36.00 41.00 OK

Check Details

Version: 0.1.0
Check: LazyData
Result: NOTE
     'LazyData' is specified without a 'data' directory
Flavors: r-devel-linux-x86_64-debian-clang, r-devel-linux-x86_64-debian-gcc, r-devel-linux-x86_64-fedora-clang, r-devel-linux-x86_64-fedora-gcc, r-devel-windows-x86_64-new-UL, r-devel-windows-x86_64-new-TK, r-patched-linux-x86_64, r-release-linux-x86_64, r-release-macos-arm64, r-release-macos-x86_64, r-release-windows-ix86+x86_64