CRAN Package Check Results for Package abglasso

Last updated on 2022-06-24 23:50:04 CEST.

Flavor Version Tinstall Tcheck Ttotal Status Flags
r-devel-linux-x86_64-debian-clang 0.1.1 2.23 23.47 25.70 OK
r-devel-linux-x86_64-debian-gcc 0.1.1 1.40 18.68 20.08 OK
r-devel-linux-x86_64-fedora-clang 0.1.1 42.46 NOTE
r-devel-linux-x86_64-fedora-gcc 0.1.1 41.66 NOTE
r-devel-windows-x86_64 0.1.1 8.00 48.00 56.00 OK
r-patched-linux-x86_64 0.1.1 2.17 22.86 25.03 OK
r-release-linux-x86_64 0.1.1 1.98 23.10 25.08 OK
r-release-macos-arm64 0.1.1 15.00 NOTE
r-release-macos-x86_64 0.1.1 22.00 NOTE
r-release-windows-x86_64 0.1.1 10.00 48.00 58.00 OK
r-oldrel-macos-arm64 0.1.1 17.00 NOTE
r-oldrel-macos-x86_64 0.1.1 22.00 NOTE
r-oldrel-windows-ix86+x86_64 0.1.1 5.00 41.00 46.00 OK

Check Details

Version: 0.1.1
Check: dependencies in R code
Result: NOTE
    Namespace in Imports field not imported from: ‘MASS’
     All declared Imports should be used.
Flavors: r-devel-linux-x86_64-fedora-clang, r-devel-linux-x86_64-fedora-gcc, r-release-macos-arm64, r-release-macos-x86_64, r-oldrel-macos-arm64, r-oldrel-macos-x86_64