CRAN Package Check Results for Package abcrf

Last updated on 2019-12-08 23:47:15 CET.

Flavor Version Tinstall Tcheck Ttotal Status Flags
r-devel-linux-x86_64-debian-clang 1.8.1 74.26 79.54 153.80 OK
r-devel-linux-x86_64-debian-gcc 1.8.1 51.54 61.30 112.84 OK
r-devel-linux-x86_64-fedora-clang 1.8.1 204.13 NOTE
r-devel-linux-x86_64-fedora-gcc 1.8.1 186.70 OK
r-devel-windows-ix86+x86_64 1.8.1 143.00 194.00 337.00 OK
r-devel-windows-ix86+x86_64-gcc8 1.8.1 164.00 146.00 310.00 NOTE
r-patched-linux-x86_64 1.8.1 60.29 71.82 132.11 OK
r-patched-solaris-x86 1.8.1 233.00 OK
r-release-linux-x86_64 1.8.1 62.91 71.38 134.29 OK
r-release-windows-ix86+x86_64 1.8.1 119.00 119.00 238.00 OK
r-release-osx-x86_64 1.8.1 NOTE
r-oldrel-windows-ix86+x86_64 1.8.1 115.00 115.00 230.00 OK
r-oldrel-osx-x86_64 1.8.1 OK

Check Details

Version: 1.8.1
Check: installed package size
Result: NOTE
     installed size is 5.3Mb
     sub-directories of 1Mb or more:
     data 2.6Mb
     libs 2.4Mb
Flavors: r-devel-linux-x86_64-fedora-clang, r-devel-windows-ix86+x86_64-gcc8, r-release-osx-x86_64