CRAN Package Check Results for Package abcrf

Last updated on 2019-07-22 06:47:32 CEST.

Flavor Version Tinstall Tcheck Ttotal Status Flags
r-devel-linux-x86_64-debian-clang 1.8 64.20 74.42 138.62 OK
r-devel-linux-x86_64-debian-gcc 1.8 49.60 59.32 108.92 OK
r-devel-linux-x86_64-fedora-clang 1.8 190.06 NOTE
r-devel-linux-x86_64-fedora-gcc 1.8 181.29 OK
r-devel-windows-ix86+x86_64 1.8 126.00 178.00 304.00 OK
r-patched-linux-x86_64 1.8 61.88 73.08 134.96 OK
r-patched-solaris-x86 1.8 242.00 OK
r-release-linux-x86_64 1.8 64.77 73.13 137.90 OK
r-release-windows-ix86+x86_64 1.8 118.00 126.00 244.00 OK
r-release-osx-x86_64 1.8 NOTE
r-oldrel-windows-ix86+x86_64 1.8 164.00 125.00 289.00 OK
r-oldrel-osx-x86_64 1.8 OK

Check Details

Version: 1.8
Check: installed package size
Result: NOTE
     installed size is 5.1Mb
     sub-directories of 1Mb or more:
     data 2.6Mb
     libs 2.3Mb
Flavors: r-devel-linux-x86_64-fedora-clang, r-release-osx-x86_64