Last updated on 2023-09-21 00:56:48 CEST.
Flavor | Version | Tinstall | Tcheck | Ttotal | Status | Flags |
---|---|---|---|---|---|---|
r-devel-linux-x86_64-debian-clang | 1.0.1 | 15.64 | 230.80 | 246.44 | OK | |
r-devel-linux-x86_64-debian-gcc | 1.0.1 | 13.32 | 165.23 | 178.55 | OK | |
r-devel-linux-x86_64-fedora-clang | 1.0.1 | 271.85 | NOTE | |||
r-devel-linux-x86_64-fedora-gcc | 1.0.1 | 323.56 | NOTE | |||
r-devel-windows-x86_64 | 1.0.1 | 14.00 | 200.00 | 214.00 | OK | |
r-patched-linux-x86_64 | 1.0.1 | 17.00 | 223.80 | 240.80 | OK | |
r-release-linux-x86_64 | 1.0.1 | 11.64 | 221.44 | 233.08 | OK | |
r-release-macos-arm64 | 1.0.1 | 101.00 | OK | |||
r-release-macos-x86_64 | 1.0.1 | 176.00 | OK | |||
r-release-windows-x86_64 | 1.0.1 | 20.00 | 225.00 | 245.00 | OK | |
r-oldrel-macos-arm64 | 1.0.1 | 107.00 | NOTE | |||
r-oldrel-macos-x86_64 | 1.0.1 | 111.00 | NOTE | |||
r-oldrel-windows-x86_64 | 1.0.1 | 20.00 | 239.00 | 259.00 | OK |
Version: 1.0.1
Check: dependencies in R code
Result: NOTE
Namespace in Imports field not imported from: ‘dplyr’
All declared Imports should be used.
Flavors: r-devel-linux-x86_64-fedora-clang, r-devel-linux-x86_64-fedora-gcc, r-oldrel-macos-arm64, r-oldrel-macos-x86_64