CRAN Package Check Results for Package ZetaSuite

Last updated on 2022-12-03 23:56:30 CET.

Flavor Version Tinstall Tcheck Ttotal Status Flags
r-devel-linux-x86_64-debian-clang 1.0.1 18.68 212.66 231.34 OK
r-devel-linux-x86_64-debian-gcc 1.0.1 11.49 158.38 169.87 OK
r-devel-linux-x86_64-fedora-clang 1.0.1 297.64 NOTE
r-devel-linux-x86_64-fedora-gcc 1.0.1 306.99 NOTE
r-devel-windows-x86_64 1.0.1 25.00 254.00 279.00 OK
r-patched-linux-x86_64 1.0.1 13.89 204.88 218.77 OK
r-release-linux-x86_64 1.0.1 14.34 220.12 234.46 OK
r-release-macos-arm64 1.0.1 107.00 NOTE
r-release-macos-x86_64 1.0.1 111.00 NOTE
r-release-windows-x86_64 1.0.1 26.00 255.00 281.00 OK
r-oldrel-macos-arm64 1.0.1 94.00 NOTE
r-oldrel-macos-x86_64 1.0.1 106.00 NOTE
r-oldrel-windows-ix86+x86_64 1.0.1 34.00 230.00 264.00 OK

Check Details

Version: 1.0.1
Check: dependencies in R code
Result: NOTE
    Namespace in Imports field not imported from: ‘dplyr’
     All declared Imports should be used.
Flavors: r-devel-linux-x86_64-fedora-clang, r-devel-linux-x86_64-fedora-gcc, r-release-macos-arm64, r-release-macos-x86_64, r-oldrel-macos-arm64, r-oldrel-macos-x86_64