CRAN Package Check Results for Package ZVCV

Last updated on 2022-09-26 23:58:30 CEST.

Flavor Version Tinstall Tcheck Ttotal Status Flags
r-devel-linux-x86_64-debian-clang 2.1.1 138.92 117.57 256.49 WARN
r-devel-linux-x86_64-debian-gcc 2.1.1 95.10 85.74 180.84 OK
r-devel-linux-x86_64-fedora-clang 2.1.1 348.14 WARN
r-devel-linux-x86_64-fedora-gcc 2.1.1 321.62 OK
r-devel-windows-x86_64 2.1.1 97.00 163.00 260.00 OK
r-patched-linux-x86_64 2.1.1 104.82 107.73 212.55 OK
r-release-linux-x86_64 2.1.1 97.80 106.46 204.26 OK
r-release-macos-arm64 2.1.1 77.00 NOTE
r-release-macos-x86_64 2.1.1 135.00 NOTE
r-release-windows-x86_64 2.1.1 110.00 155.00 265.00 OK
r-oldrel-macos-arm64 2.1.1 88.00 NOTE
r-oldrel-macos-x86_64 2.1.1 94.00 NOTE
r-oldrel-windows-ix86+x86_64 2.1.1 270.00 183.00 453.00 OK

Additional issues

clang14

Check Details

Version: 2.1.1
Check: whether package can be installed
Result: WARN
    Found the following significant warnings:
     fnToExport.cpp:415:8: warning: use of bitwise '&' with boolean operands [-Wbitwise-instead-of-logical]
Flavors: r-devel-linux-x86_64-debian-clang, r-devel-linux-x86_64-fedora-clang

Version: 2.1.1
Check: installed package size
Result: NOTE
     installed size is 10.6Mb
     sub-directories of 1Mb or more:
     libs 10.3Mb
Flavors: r-release-macos-arm64, r-release-macos-x86_64, r-oldrel-macos-arm64, r-oldrel-macos-x86_64