CRAN Package Check Results for Package XKCDdata

Last updated on 2020-10-28 23:47:30 CET.

Flavor Version Tinstall Tcheck Ttotal Status Flags
r-devel-linux-x86_64-debian-clang 0.1.0 3.41 36.89 40.30 OK
r-devel-linux-x86_64-debian-gcc 0.1.0 3.07 28.33 31.40 OK
r-devel-linux-x86_64-fedora-clang 0.1.0 56.44 NOTE
r-devel-linux-x86_64-fedora-gcc 0.1.0 46.76 NOTE
r-devel-windows-ix86+x86_64 0.1.0 8.00 53.00 61.00 OK
r-patched-linux-x86_64 0.1.0 3.87 34.22 38.09 OK
r-patched-solaris-x86 0.1.0 69.90 NOTE
r-release-linux-x86_64 0.1.0 3.70 34.22 37.92 OK
r-release-macos-x86_64 0.1.0 NOTE
r-release-windows-ix86+x86_64 0.1.0 7.00 42.00 49.00 OK
r-oldrel-macos-x86_64 0.1.0 NOTE
r-oldrel-windows-ix86+x86_64 0.1.0 7.00 51.00 58.00 OK

Check Details

Version: 0.1.0
Check: dependencies in R code
Result: NOTE
    Namespace in Imports field not imported from: ‘tibble’
     All declared Imports should be used.
Flavors: r-devel-linux-x86_64-fedora-clang, r-devel-linux-x86_64-fedora-gcc, r-patched-solaris-x86, r-release-macos-x86_64, r-oldrel-macos-x86_64