CRAN Package Check Results for Package WinRatio

Last updated on 2024-06-14 00:54:04 CEST.

Flavor Version Tinstall Tcheck Ttotal Status Flags
r-devel-linux-x86_64-debian-clang 1.0 27.42 54.12 81.54 OK
r-devel-linux-x86_64-debian-gcc 1.0 0.32 1.59 1.91 ERROR
r-devel-linux-x86_64-fedora-clang 1.0 112.30 OK
r-devel-linux-x86_64-fedora-gcc 1.0 106.58 OK
r-devel-windows-x86_64 1.0 25.00 74.00 99.00 OK
r-patched-linux-x86_64 1.0 15.85 52.19 68.04 OK
r-release-linux-x86_64 1.0 17.85 52.01 69.86 OK
r-release-macos-arm64 1.0 30.00 OK
r-release-macos-x86_64 1.0 44.00 OK
r-release-windows-x86_64 1.0 25.00 79.00 104.00 OK
r-oldrel-macos-arm64 1.0 39.00 OK
r-oldrel-macos-x86_64 1.0 58.00 OK
r-oldrel-windows-x86_64 1.0 29.00 96.00 125.00 OK

Check Details

Version: 1.0
Check: package dependencies
Result: ERROR Packages required but not available: 'tidyverse', 'dplyr', 'tidyselect' See section ‘The DESCRIPTION file’ in the ‘Writing R Extensions’ manual. Flavor: r-devel-linux-x86_64-debian-gcc