CRAN Package Check Results for Package WaverR

Last updated on 2020-09-27 23:49:42 CEST.

Flavor Version Tinstall Tcheck Ttotal Status Flags
r-devel-linux-x86_64-debian-clang 1.0 2.30 25.57 27.87 NOTE
r-devel-linux-x86_64-debian-gcc 1.0 1.78 19.41 21.19 NOTE
r-devel-linux-x86_64-fedora-clang 1.0 43.85 NOTE
r-devel-linux-x86_64-fedora-gcc 1.0 32.69 NOTE
r-devel-windows-ix86+x86_64 1.0 5.00 43.00 48.00 OK
r-patched-linux-x86_64 1.0 2.23 24.67 26.90 NOTE
r-patched-solaris-x86 1.0 47.90 NOTE
r-release-linux-x86_64 1.0 2.29 24.73 27.02 NOTE
r-release-macos-x86_64 1.0 OK
r-release-windows-ix86+x86_64 1.0 6.00 38.00 44.00 OK
r-oldrel-macos-x86_64 1.0 OK
r-oldrel-windows-ix86+x86_64 1.0 4.00 42.00 46.00 OK

Check Details

Version: 1.0
Check: for non-standard things in the check directory
Result: NOTE
    Found the following files/directories:
     'ReconstructedData.txt' 'ReconstructedDataStDev.txt'
     'ResampledReconstructions.txt'
     'ResampledReconstructionsStandardVariation.txt'
Flavors: r-devel-linux-x86_64-debian-clang, r-devel-linux-x86_64-debian-gcc, r-devel-linux-x86_64-fedora-clang, r-devel-linux-x86_64-fedora-gcc, r-patched-linux-x86_64, r-patched-solaris-x86, r-release-linux-x86_64