CRAN Package Check Results for Package WRI

Last updated on 2022-07-02 23:50:52 CEST.

Flavor Version Tinstall Tcheck Ttotal Status Flags
r-devel-linux-x86_64-debian-clang 0.1.0 60.29 99.22 159.51 OK
r-devel-linux-x86_64-debian-gcc 0.1.0 46.02 74.35 120.37 OK
r-devel-linux-x86_64-fedora-clang 0.1.0 219.83 NOTE
r-devel-linux-x86_64-fedora-gcc 0.1.0 202.20 NOTE
r-devel-windows-x86_64 0.1.0 60.00 142.00 202.00 OK
r-patched-linux-x86_64 0.1.0 43.06 95.23 138.29 OK
r-release-linux-x86_64 0.1.0 47.33 94.13 141.46 OK
r-release-macos-arm64 0.1.0 62.00 NOTE
r-release-macos-x86_64 0.1.0 97.00 NOTE
r-release-windows-x86_64 0.1.0 60.00 147.00 207.00 OK
r-oldrel-macos-arm64 0.1.0 75.00 NOTE
r-oldrel-macos-x86_64 0.1.0 105.00 NOTE
r-oldrel-windows-ix86+x86_64 0.1.0 149.00 174.00 323.00 OK

Check Details

Version: 0.1.0
Check: dependencies in R code
Result: NOTE
    Namespaces in Imports field not imported from:
     ‘fdadensity’ ‘locfit’ ‘locpol’ ‘modeest’
     All declared Imports should be used.
Flavors: r-devel-linux-x86_64-fedora-clang, r-devel-linux-x86_64-fedora-gcc, r-release-macos-arm64, r-release-macos-x86_64, r-oldrel-macos-arm64, r-oldrel-macos-x86_64