Last updated on 2023-05-30 01:00:01 CEST.
Flavor | Version | Tinstall | Tcheck | Ttotal | Status | Flags |
---|---|---|---|---|---|---|
r-devel-linux-x86_64-debian-clang | 2.7.8 | 2.71 | 24.50 | 27.21 | OK | |
r-devel-linux-x86_64-debian-gcc | 2.7.8 | 2.11 | 19.28 | 21.39 | OK | |
r-devel-linux-x86_64-fedora-clang | 2.7.8 | 35.36 | NOTE | |||
r-devel-linux-x86_64-fedora-gcc | 2.7.8 | 37.46 | NOTE | |||
r-devel-windows-x86_64 | 2.7.8 | 5.00 | 42.00 | 47.00 | OK | |
r-patched-linux-x86_64 | 2.7.8 | 2.89 | 24.04 | 26.93 | OK | |
r-release-linux-x86_64 | 2.7.8 | 2.84 | 24.05 | 26.89 | OK | |
r-release-macos-arm64 | 2.7.8 | 15.00 | OK | |||
r-release-macos-x86_64 | 2.7.8 | 21.00 | OK | |||
r-release-windows-x86_64 | 2.7.8 | 5.00 | 45.00 | 50.00 | OK | |
r-oldrel-macos-arm64 | 2.7.8 | 18.00 | OK | |||
r-oldrel-macos-x86_64 | 2.7.8 | 23.00 | NOTE | |||
r-oldrel-windows-x86_64 | 2.7.8 | 8.00 | 45.00 | 53.00 | OK |
Version: 2.7.8
Check: data for non-ASCII characters
Result: NOTE
Note: found 1668 marked UTF-8 strings
Flavors: r-devel-linux-x86_64-fedora-clang, r-devel-linux-x86_64-fedora-gcc, r-oldrel-macos-x86_64