CRAN Package Check Results for Package VoxR

Last updated on 2022-07-06 23:52:58 CEST.

Flavor Version Tinstall Tcheck Ttotal Status Flags
r-devel-linux-x86_64-debian-clang 1.0.0 4.41 101.74 106.15 NOTE
r-devel-linux-x86_64-debian-gcc 1.0.0 2.74 66.58 69.32 NOTE
r-devel-linux-x86_64-fedora-clang 1.0.0 118.28 NOTE
r-devel-linux-x86_64-fedora-gcc 1.0.0 111.22 NOTE
r-devel-windows-x86_64 1.0.0 16.00 108.00 124.00 NOTE
r-patched-linux-x86_64 1.0.0 4.92 84.15 89.07 NOTE
r-release-linux-x86_64 1.0.0 3.58 83.07 86.65 NOTE
r-release-macos-arm64 1.0.0 28.00 NOTE
r-release-macos-x86_64 1.0.0 42.00 NOTE
r-release-windows-x86_64 1.0.0 10.00 109.00 119.00 NOTE
r-oldrel-macos-arm64 1.0.0 32.00 NOTE
r-oldrel-macos-x86_64 1.0.0 53.00 NOTE
r-oldrel-windows-ix86+x86_64 1.0.0 12.00 98.00 110.00 NOTE

Check Details

Version: 1.0.0
Check: LazyData
Result: NOTE
     'LazyData' is specified without a 'data' directory
Flavors: r-devel-linux-x86_64-debian-clang, r-devel-linux-x86_64-debian-gcc, r-devel-linux-x86_64-fedora-clang, r-devel-linux-x86_64-fedora-gcc, r-devel-windows-x86_64, r-patched-linux-x86_64, r-release-linux-x86_64, r-release-macos-arm64, r-release-macos-x86_64, r-release-windows-x86_64, r-oldrel-macos-arm64, r-oldrel-macos-x86_64, r-oldrel-windows-ix86+x86_64