Last updated on 2023-05-30 01:00:00 CEST.
Flavor | Version | Tinstall | Tcheck | Ttotal | Status | Flags |
---|---|---|---|---|---|---|
r-devel-linux-x86_64-debian-clang | 1.2.2 | 15.19 | 199.85 | 215.04 | NOTE | |
r-devel-linux-x86_64-debian-gcc | 1.2.2 | 12.52 | 150.71 | 163.23 | NOTE | |
r-devel-linux-x86_64-fedora-clang | 1.2.2 | 263.87 | NOTE | |||
r-devel-linux-x86_64-fedora-gcc | 1.2.2 | 300.84 | NOTE | |||
r-devel-windows-x86_64 | 1.2.2 | 14.00 | 148.00 | 162.00 | NOTE | |
r-patched-linux-x86_64 | 1.2.2 | 17.34 | 188.87 | 206.21 | NOTE | |
r-release-linux-x86_64 | 1.2.2 | 11.40 | 191.11 | 202.51 | NOTE | |
r-release-macos-arm64 | 1.2.2 | 80.00 | NOTE | |||
r-release-macos-x86_64 | 1.2.2 | 140.00 | NOTE | |||
r-release-windows-x86_64 | 1.2.2 | 18.00 | 190.00 | 208.00 | NOTE | |
r-oldrel-macos-arm64 | 1.2.2 | 71.00 | NOTE | |||
r-oldrel-macos-x86_64 | 1.2.2 | 126.00 | NOTE | |||
r-oldrel-windows-x86_64 | 1.2.2 | 19.00 | 188.00 | 207.00 | OK |
Version: 1.2.2
Check: package subdirectories
Result: NOTE
Problems with news in ‘NEWS.md’:
No news entries found.
Flavors: r-devel-linux-x86_64-debian-clang, r-devel-linux-x86_64-debian-gcc, r-devel-linux-x86_64-fedora-clang, r-devel-linux-x86_64-fedora-gcc, r-devel-windows-x86_64, r-patched-linux-x86_64, r-release-linux-x86_64, r-release-macos-arm64, r-release-macos-x86_64, r-release-windows-x86_64
Version: 1.2.2
Check: dependencies in R code
Result: NOTE
Namespaces in Imports field not imported from:
‘ggplot2’ ‘reshape2’
All declared Imports should be used.
Flavors: r-devel-linux-x86_64-fedora-clang, r-devel-linux-x86_64-fedora-gcc, r-oldrel-macos-arm64, r-oldrel-macos-x86_64