CRAN Package Check Results for Package VertexSimilarity

Last updated on 2021-04-14 23:47:32 CEST.

Flavor Version Tinstall Tcheck Ttotal Status Flags
r-devel-linux-x86_64-debian-clang 0.1 1.61 19.73 21.34 NOTE
r-devel-linux-x86_64-debian-gcc 0.1 1.38 15.82 17.20 NOTE
r-devel-linux-x86_64-fedora-clang 0.1 36.10 NOTE
r-devel-linux-x86_64-fedora-gcc 0.1 26.46 NOTE
r-devel-windows-ix86+x86_64 0.1 4.00 33.00 37.00 NOTE
r-devel-windows-x86_64-gcc10-UCRT 0.1 NOTE
r-patched-linux-x86_64 0.1 1.86 19.40 21.26 OK
r-patched-solaris-x86 0.1 41.60 OK
r-release-linux-x86_64 0.1 1.82 19.33 21.15 OK
r-release-macos-x86_64 0.1 OK
r-release-windows-ix86+x86_64 0.1 4.00 35.00 39.00 OK
r-oldrel-macos-x86_64 0.1 OK
r-oldrel-windows-ix86+x86_64 0.1 3.00 23.00 26.00 OK

Check Details

Version: 0.1
Check: LazyData
Result: NOTE
     'LazyData' is specified without a 'data' directory
Flavors: r-devel-linux-x86_64-debian-clang, r-devel-linux-x86_64-debian-gcc, r-devel-linux-x86_64-fedora-clang, r-devel-linux-x86_64-fedora-gcc, r-devel-windows-ix86+x86_64, r-devel-windows-x86_64-gcc10-UCRT