CRAN Package Check Results for Package VarSelLCM

Last updated on 2019-11-10 23:48:43 CET.

Flavor Version Tinstall Tcheck Ttotal Status Flags
r-devel-linux-x86_64-debian-clang 2.1.3 292.57 137.27 429.84 NOTE
r-devel-linux-x86_64-debian-gcc 2.1.3 218.99 100.54 319.53 NOTE
r-devel-linux-x86_64-fedora-clang 2.1.3 613.51 NOTE
r-devel-linux-x86_64-fedora-gcc 2.1.3 576.42 NOTE
r-devel-windows-ix86+x86_64 2.1.3 500.00 215.00 715.00 NOTE
r-patched-linux-x86_64 2.1.3 233.09 121.81 354.90 NOTE
r-patched-solaris-x86 2.1.3 519.30 NOTE
r-release-linux-x86_64 2.1.3 235.67 121.88 357.55 NOTE
r-release-windows-ix86+x86_64 2.1.3 683.00 205.00 888.00 NOTE
r-release-osx-x86_64 2.1.3 NOTE
r-oldrel-windows-ix86+x86_64 2.1.3 651.00 263.00 914.00 OK
r-oldrel-osx-x86_64 2.1.3 NOTE

Check Details

Version: 2.1.3
Check: line endings in C/C++/Fortran sources/headers
Result: NOTE
    Found the following sources/headers not terminated with a newline:
     inst/include/Algorithm.h
     inst/include/AlgorithmCategorical.h
     inst/include/AlgorithmContinuous.h
     inst/include/AlgorithmInteger.h
     inst/include/AlgorithmMixed.h
     inst/include/Data.h
     inst/include/DataCategorical.h
     inst/include/DataContinuous.h
     inst/include/DataInteger.h
     inst/include/DataMixed.h
     inst/include/Param.h
     inst/include/ParamCategorical.h
     inst/include/ParamContinuous.h
     inst/include/ParamInteger.h
     inst/include/ParamMixed.h
     inst/include/XEM.h
     inst/include/XEMCategorical.h
     inst/include/XEMContinuous.h
     inst/include/XEMInteger.h
     inst/include/XEMMixed.h
     inst/include/XEMPen.h
    Some compilers warn on such files.
Flavors: r-devel-linux-x86_64-debian-clang, r-devel-linux-x86_64-debian-gcc, r-devel-linux-x86_64-fedora-clang, r-devel-linux-x86_64-fedora-gcc, r-devel-windows-ix86+x86_64, r-patched-linux-x86_64, r-patched-solaris-x86, r-release-linux-x86_64, r-release-windows-ix86+x86_64, r-release-osx-x86_64

Version: 2.1.3
Check: installed package size
Result: NOTE
     installed size is 10.6Mb
     sub-directories of 1Mb or more:
     libs 9.9Mb
Flavors: r-devel-linux-x86_64-fedora-clang, r-release-osx-x86_64, r-oldrel-osx-x86_64