CRAN Package Check Results for Package VMDecomp

Last updated on 2022-11-29 22:53:51 CET.

Flavor Version Tinstall Tcheck Ttotal Status Flags
r-devel-linux-x86_64-debian-clang 1.0.1 48.39 99.65 148.04 OK
r-devel-linux-x86_64-debian-gcc 1.0.1 37.92 104.99 142.91 OK
r-devel-linux-x86_64-fedora-clang 1.0.1 176.89 OK
r-devel-linux-x86_64-fedora-gcc 1.0.1 154.85 OK
r-devel-windows-x86_64 1.0.1 50.00 108.00 158.00 OK
r-patched-linux-x86_64 1.0.1 41.52 76.25 117.77 OK
r-release-linux-x86_64 1.0.1 37.15 79.33 116.48 OK
r-release-macos-arm64 1.0.1 36.00 NOTE
r-release-macos-x86_64 1.0.1 54.00 NOTE
r-release-windows-x86_64 1.0.1 41.00 108.00 149.00 OK
r-oldrel-macos-arm64 1.0.1 33.00 NOTE
r-oldrel-macos-x86_64 1.0.1 52.00 NOTE
r-oldrel-windows-ix86+x86_64 1.0.1 103.00 150.00 253.00 OK

Check Details

Version: 1.0.1
Check: installed package size
Result: NOTE
     installed size is 5.3Mb
     sub-directories of 1Mb or more:
     libs 3.8Mb
Flavors: r-release-macos-arm64, r-release-macos-x86_64, r-oldrel-macos-arm64, r-oldrel-macos-x86_64