CRAN Package Check Results for Package VIMGUI

Last updated on 2019-05-21 02:47:31 CEST.

Flavor Version Tinstall Tcheck Ttotal Status Flags
r-devel-linux-x86_64-debian-clang 0.10.0 28.13 197.59 225.72 OK
r-devel-linux-x86_64-debian-gcc 0.10.0 23.08 194.66 217.74 OK
r-devel-linux-x86_64-fedora-clang 0.10.0 261.61 OK
r-devel-linux-x86_64-fedora-gcc 0.10.0 299.01 OK
r-devel-windows-ix86+x86_64 0.10.0 60.00 219.00 279.00 OK
r-patched-linux-x86_64 0.10.0 29.15 215.02 244.17 OK
r-patched-solaris-x86 0.10.0 437.10 OK
r-release-linux-x86_64 0.10.0 30.24 207.19 237.43 OK
r-release-windows-ix86+x86_64 0.10.0 65.00 239.00 304.00 OK
r-release-osx-x86_64 0.10.0 ERROR
r-oldrel-windows-ix86+x86_64 0.10.0 32.00 170.00 202.00 OK
r-oldrel-osx-x86_64 0.10.0 ERROR

Check Details

Version: 0.10.0
Check: package dependencies
Result: ERROR
    Packages required but not available: 'gWidgetsRGtk2', 'RGtk2'
    
    See section ‘The DESCRIPTION file’ in the ‘Writing R Extensions’
    manual.
Flavor: r-release-osx-x86_64

Version: 0.10.0
Check: package dependencies
Result: ERROR
    Packages required but not available: ‘gWidgetsRGtk2’ ‘RGtk2’
    
    See section ‘The DESCRIPTION file’ in the ‘Writing R Extensions’
    manual.
Flavor: r-oldrel-osx-x86_64