CRAN Package Check Results for Package VHDClassification

Last updated on 2022-12-02 23:50:43 CET.

Flavor Version Tinstall Tcheck Ttotal Status Flags
r-devel-linux-x86_64-debian-clang 0.3 3.46 93.97 97.43 NOTE
r-devel-linux-x86_64-debian-gcc 0.3 3.77 70.36 74.13 NOTE
r-devel-linux-x86_64-fedora-clang 0.3 130.00 NOTE
r-devel-linux-x86_64-fedora-gcc 0.3 126.99 NOTE
r-devel-windows-x86_64 0.3 36.00 130.00 166.00 NOTE
r-patched-linux-x86_64 0.3 4.42 90.25 94.67 NOTE
r-release-linux-x86_64 0.3 4.64 87.92 92.56 NOTE
r-release-macos-arm64 0.3 40.00 NOTE
r-release-macos-x86_64 0.3 53.00 NOTE
r-release-windows-x86_64 0.3 86.00 127.00 213.00 NOTE
r-oldrel-macos-arm64 0.3 45.00 NOTE
r-oldrel-macos-x86_64 0.3 75.00 NOTE
r-oldrel-windows-ix86+x86_64 0.3 11.00 116.00 127.00 NOTE

Check Details

Version: 0.3
Check: DESCRIPTION meta-information
Result: NOTE
    Malformed Title field: should not end in a period.
Flavors: r-devel-linux-x86_64-debian-clang, r-devel-linux-x86_64-debian-gcc, r-devel-linux-x86_64-fedora-clang, r-devel-linux-x86_64-fedora-gcc, r-devel-windows-x86_64, r-patched-linux-x86_64, r-release-linux-x86_64, r-release-macos-arm64, r-release-macos-x86_64, r-release-windows-x86_64, r-oldrel-macos-arm64, r-oldrel-macos-x86_64, r-oldrel-windows-ix86+x86_64