Last updated on 2022-08-08 23:53:11 CEST.
Flavor | Version | Tinstall | Tcheck | Ttotal | Status | Flags |
---|---|---|---|---|---|---|
r-devel-linux-x86_64-debian-clang | 1.0.0 | 33.66 | 304.23 | 337.89 | NOTE | |
r-devel-linux-x86_64-debian-gcc | 1.0.0 | 25.35 | 226.10 | 251.45 | NOTE | |
r-devel-linux-x86_64-fedora-clang | 1.0.0 | 388.75 | NOTE | |||
r-devel-linux-x86_64-fedora-gcc | 1.0.0 | 404.18 | NOTE | |||
r-devel-windows-x86_64 | 1.0.0 | 37.00 | 319.00 | 356.00 | NOTE | |
r-patched-linux-x86_64 | 1.0.0 | 20.27 | 291.42 | 311.69 | OK | |
r-release-linux-x86_64 | 1.0.0 | OK | ||||
r-release-macos-arm64 | 1.0.0 | 70.00 | OK | |||
r-release-macos-x86_64 | 1.0.0 | 159.00 | OK | |||
r-release-windows-x86_64 | 1.0.0 | 35.00 | 313.00 | 348.00 | OK | |
r-oldrel-macos-arm64 | 1.0.0 | 56.00 | OK | |||
r-oldrel-macos-x86_64 | 1.0.0 | 92.00 | OK | |||
r-oldrel-windows-ix86+x86_64 | 1.0.0 | 66.00 | 335.00 | 401.00 | OK |
Version: 1.0.0
Check: package subdirectories
Result: NOTE
Problems with news in 'NEWS.md':
No news entries found.
Flavors: r-devel-linux-x86_64-debian-clang, r-devel-linux-x86_64-debian-gcc, r-devel-linux-x86_64-fedora-clang, r-devel-linux-x86_64-fedora-gcc, r-devel-windows-x86_64