Last updated on 2023-02-05 23:59:00 CET.
Flavor | Version | Tinstall | Tcheck | Ttotal | Status | Flags |
---|---|---|---|---|---|---|
r-devel-linux-x86_64-debian-clang | 1.1.0 | 45.56 | 391.95 | 437.51 | OK | |
r-devel-linux-x86_64-debian-gcc | 1.1.0 | 35.51 | 285.93 | 321.44 | OK | |
r-devel-linux-x86_64-fedora-clang | 1.1.0 | 577.94 | NOTE | |||
r-devel-linux-x86_64-fedora-gcc | 1.1.0 | 551.86 | OK | |||
r-devel-windows-x86_64 | 1.1.0 | 220.00 | 415.00 | 635.00 | NOTE | |
r-patched-linux-x86_64 | 1.1.0 | 41.33 | 368.96 | 410.29 | OK | |
r-release-linux-x86_64 | 1.1.0 | 37.39 | 376.39 | 413.78 | OK | |
r-release-macos-arm64 | 1.1.0 | 133.00 | NOTE | |||
r-release-macos-x86_64 | 1.1.0 | 228.00 | NOTE | |||
r-release-windows-x86_64 | 1.1.0 | 323.00 | 427.00 | 750.00 | NOTE | |
r-oldrel-macos-arm64 | 1.1.0 | 199.00 | NOTE | |||
r-oldrel-macos-x86_64 | 1.1.0 | 272.00 | NOTE | |||
r-oldrel-windows-ix86+x86_64 | 1.1.0 | 93.00 | 396.00 | 489.00 | NOTE |
Version: 1.1.0
Check: installed package size
Result: NOTE
installed size is 9.5Mb
sub-directories of 1Mb or more:
extdata 8.8Mb
Flavors: r-devel-linux-x86_64-fedora-clang, r-devel-windows-x86_64, r-release-macos-arm64, r-release-macos-x86_64, r-release-windows-x86_64, r-oldrel-macos-arm64, r-oldrel-macos-x86_64, r-oldrel-windows-ix86+x86_64