CRAN Package Check Results for Package VAJointSurv

Last updated on 2022-12-03 23:56:29 CET.

Flavor Version Tinstall Tcheck Ttotal Status Flags
r-devel-linux-x86_64-debian-clang 0.1.0 339.78 146.72 486.50 OK
r-devel-linux-x86_64-debian-gcc 0.1.0 297.00 139.01 436.01 OK
r-devel-linux-x86_64-fedora-clang 0.1.0 697.36 OK
r-devel-linux-x86_64-fedora-gcc 0.1.0 742.67 OK
r-devel-windows-x86_64 0.1.0 282.00 203.00 485.00 OK
r-patched-linux-x86_64 0.1.0 318.42 189.14 507.56 OK
r-release-linux-x86_64 0.1.0 313.95 203.37 517.32 OK
r-release-macos-arm64 0.1.0 109.00 NOTE
r-release-macos-x86_64 0.1.0 184.00 NOTE
r-release-windows-x86_64 0.1.0 291.00 200.00 491.00 OK
r-oldrel-macos-arm64 0.1.0 104.00 NOTE
r-oldrel-macos-x86_64 0.1.0 188.00 NOTE
r-oldrel-windows-ix86+x86_64 0.1.0 827.00 270.00 1097.00 NOTE

Check Details

Version: 0.1.0
Check: installed package size
Result: NOTE
     installed size is 25.2Mb
     sub-directories of 1Mb or more:
     doc 2.2Mb
     libs 22.8Mb
Flavors: r-release-macos-arm64, r-release-macos-x86_64, r-oldrel-macos-arm64, r-oldrel-macos-x86_64, r-oldrel-windows-ix86+x86_64