Last updated on 2022-05-22 23:51:58 CEST.
Flavor | Version | Tinstall | Tcheck | Ttotal | Status | Flags |
---|---|---|---|---|---|---|
r-devel-linux-x86_64-debian-clang | 4.2.0 | 24.51 | 50.46 | 74.97 | OK | |
r-devel-linux-x86_64-debian-gcc | 4.2.0 | 21.63 | 38.75 | 60.38 | OK | |
r-devel-linux-x86_64-fedora-gcc | 4.2.0 | 95.98 | OK | |||
r-devel-windows-x86_64 | 4.2.0 | 61.00 | 199.00 | 260.00 | NOTE | |
r-patched-linux-x86_64 | 4.2.0 | 24.88 | 48.85 | 73.73 | OK | |
r-release-linux-x86_64 | 4.2.0 | 22.25 | 47.72 | 69.97 | OK | |
r-release-macos-arm64 | 4.2.0 | 55.00 | NOTE | |||
r-release-macos-x86_64 | 4.2.0 | 117.00 | NOTE | |||
r-release-windows-x86_64 | 4.2.0 | 72.00 | 203.00 | 275.00 | NOTE | |
r-oldrel-macos-arm64 | 4.2.0 | 57.00 | NOTE | |||
r-oldrel-macos-x86_64 | 4.2.0 | 123.00 | NOTE | |||
r-oldrel-windows-ix86+x86_64 | 4.2.0 | 119.00 | 205.00 | 324.00 | NOTE |
Version: 4.2.0
Check: installed package size
Result: NOTE
installed size is 17.1Mb
sub-directories of 1Mb or more:
doc 1.7Mb
libs 15.3Mb
Flavors: r-devel-windows-x86_64, r-release-macos-arm64, r-release-macos-x86_64, r-release-windows-x86_64, r-oldrel-macos-arm64, r-oldrel-macos-x86_64, r-oldrel-windows-ix86+x86_64