CRAN Package Check Results for Package USgrid

Last updated on 2021-03-02 23:48:47 CET.

Flavor Version Tinstall Tcheck Ttotal Status Flags
r-devel-linux-x86_64-debian-clang 0.1.1 OK
r-devel-linux-x86_64-debian-gcc 0.1.1 3.17 24.64 27.81 OK
r-devel-linux-x86_64-fedora-clang 0.1.1 51.34 NOTE
r-devel-linux-x86_64-fedora-gcc 0.1.1 40.99 NOTE
r-devel-windows-ix86+x86_64 0.1.1 8.00 54.00 62.00 OK
r-patched-linux-x86_64 0.1.1 3.80 29.65 33.45 OK
r-patched-solaris-x86 0.1.1 62.80 NOTE
r-release-linux-x86_64 0.1.1 3.99 29.93 33.92 OK
r-release-macos-x86_64 0.1.1 NOTE
r-release-windows-ix86+x86_64 0.1.1 8.00 43.00 51.00 OK
r-oldrel-macos-x86_64 0.1.1 NOTE
r-oldrel-windows-ix86+x86_64 0.1.1 7.00 51.00 58.00 OK

Check Details

Version: 0.1.1
Check: dependencies in R code
Result: NOTE
    Namespace in Imports field not imported from: ‘tsibble’
     All declared Imports should be used.
Flavors: r-devel-linux-x86_64-fedora-clang, r-devel-linux-x86_64-fedora-gcc, r-patched-solaris-x86, r-release-macos-x86_64, r-oldrel-macos-x86_64