CRAN Package Check Results for Package USAboundaries

Last updated on 2022-09-25 23:56:28 CEST.

Flavor Version Tinstall Tcheck Ttotal Status Flags
r-devel-linux-x86_64-debian-clang 0.4.0 2.52 31.26 33.78 NOTE
r-devel-linux-x86_64-debian-gcc 0.4.0 1.50 24.87 26.37 NOTE
r-devel-linux-x86_64-fedora-clang 0.4.0 54.28 NOTE
r-devel-linux-x86_64-fedora-gcc 0.4.0 54.16 NOTE
r-devel-windows-x86_64 0.4.0 74.00 130.00 204.00 NOTE
r-patched-linux-x86_64 0.4.0 1.80 29.97 31.77 NOTE
r-release-linux-x86_64 0.4.0 2.04 29.95 31.99 NOTE
r-release-macos-arm64 0.4.0 22.00 NOTE
r-release-macos-x86_64 0.4.0 26.00 NOTE
r-release-windows-x86_64 0.4.0 24.00 68.00 92.00 NOTE
r-oldrel-macos-arm64 0.4.0 25.00 NOTE
r-oldrel-macos-x86_64 0.4.0 25.00 NOTE
r-oldrel-windows-ix86+x86_64 0.4.0 8.00 56.00 64.00 NOTE

Check Details

Version: 0.4.0
Check: package dependencies
Result: NOTE
    Package suggested but not available for checking: 'USAboundariesData'
Flavors: r-devel-linux-x86_64-debian-clang, r-devel-linux-x86_64-debian-gcc, r-devel-linux-x86_64-fedora-clang, r-devel-linux-x86_64-fedora-gcc, r-devel-windows-x86_64, r-patched-linux-x86_64, r-release-linux-x86_64, r-release-macos-arm64, r-release-macos-x86_64, r-release-windows-x86_64, r-oldrel-macos-arm64, r-oldrel-macos-x86_64, r-oldrel-windows-ix86+x86_64