CRAN Package Check Results for Package TwoArmSurvSim

Last updated on 2024-06-13 00:55:35 CEST.

Flavor Version Tinstall Tcheck Ttotal Status Flags
r-devel-linux-x86_64-debian-clang 0.2 11.53 104.01 115.54 NOTE
r-devel-linux-x86_64-debian-gcc 0.2 0.36 1.61 1.97 ERROR
r-devel-linux-x86_64-fedora-clang 0.2 148.68 NOTE
r-devel-linux-x86_64-fedora-gcc 0.2 134.87 NOTE
r-devel-windows-x86_64 0.2 11.00 88.00 99.00 NOTE
r-patched-linux-x86_64 0.2 10.84 100.47 111.31 NOTE
r-release-linux-x86_64 0.2 11.09 99.33 110.42 NOTE
r-release-macos-arm64 0.2 36.00 NOTE
r-release-macos-x86_64 0.2 60.00 NOTE
r-release-windows-x86_64 0.2 11.00 87.00 98.00 NOTE
r-oldrel-macos-arm64 0.2 45.00 NOTE
r-oldrel-macos-x86_64 0.2 69.00 NOTE
r-oldrel-windows-x86_64 0.2 14.00 136.00 150.00 NOTE

Check Details

Version: 0.2
Check: LazyData
Result: NOTE 'LazyData' is specified without a 'data' directory Flavors: r-devel-linux-x86_64-debian-clang, r-devel-linux-x86_64-fedora-clang, r-devel-linux-x86_64-fedora-gcc, r-devel-windows-x86_64, r-patched-linux-x86_64, r-release-linux-x86_64, r-release-macos-arm64, r-release-macos-x86_64, r-release-windows-x86_64, r-oldrel-macos-arm64, r-oldrel-macos-x86_64, r-oldrel-windows-x86_64

Version: 0.2
Check: package dependencies
Result: ERROR Package required but not available: ‘dplyr’ See section ‘The DESCRIPTION file’ in the ‘Writing R Extensions’ manual. Flavor: r-devel-linux-x86_64-debian-gcc