Last updated on 2022-05-17 23:56:49 CEST.
Flavor | Version | Tinstall | Tcheck | Ttotal | Status | Flags |
---|---|---|---|---|---|---|
r-devel-linux-x86_64-debian-clang | 1.3-4 | 13.45 | 127.29 | 140.74 | OK | |
r-devel-linux-x86_64-debian-gcc | 1.3-4 | 10.79 | 92.42 | 103.21 | OK | |
r-devel-linux-x86_64-fedora-clang | 1.3-4 | 165.56 | NOTE | |||
r-devel-linux-x86_64-fedora-gcc | 1.3-4 | 160.58 | OK | |||
r-devel-windows-x86_64 | 1.3-4 | 27.00 | 249.00 | 276.00 | OK | |
r-patched-linux-x86_64 | 1.3-4 | 18.45 | 118.09 | 136.54 | OK | |
r-release-linux-x86_64 | 1.3-4 | 12.30 | 119.00 | 131.30 | OK | |
r-release-macos-arm64 | 1.3-4 | 46.00 | OK | |||
r-release-macos-x86_64 | 1.3-4 | 73.00 | OK | |||
r-release-windows-x86_64 | 1.3-4 | 26.00 | 139.00 | 165.00 | OK | |
r-oldrel-macos-arm64 | 1.3-4 | 41.00 | OK | |||
r-oldrel-macos-x86_64 | 1.3-4 | 62.00 | OK | |||
r-oldrel-windows-ix86+x86_64 | 1.3-4 | 30.00 | 134.00 | 164.00 | OK |
Version: 1.3-4
Check: Rd cross-references
Result: NOTE
Undeclared packages ‘multcomp’, ‘agricolae’ in Rd xrefs
Flavor: r-devel-linux-x86_64-fedora-clang