Last updated on 2023-10-04 00:58:40 CEST.
Flavor | Version | Tinstall | Tcheck | Ttotal | Status | Flags |
---|---|---|---|---|---|---|
r-devel-linux-x86_64-debian-clang | 1.3-42 | 12.13 | 116.78 | 128.91 | OK | |
r-devel-linux-x86_64-debian-gcc | 1.3-42 | 10.23 | 88.37 | 98.60 | OK | |
r-devel-linux-x86_64-fedora-clang | 1.3-42 | 165.77 | NOTE | |||
r-devel-linux-x86_64-fedora-gcc | 1.3-42 | 164.14 | OK | |||
r-devel-windows-x86_64 | 1.3-42 | 15.00 | 112.00 | 127.00 | OK | |
r-patched-linux-x86_64 | 1.3-42 | 19.08 | 110.65 | 129.73 | OK | |
r-release-linux-x86_64 | 1.3-42 | 12.56 | 111.68 | 124.24 | OK | |
r-release-macos-arm64 | 1.3-42 | 52.00 | OK | |||
r-release-macos-x86_64 | 1.3-42 | 119.00 | OK | |||
r-release-windows-x86_64 | 1.3-42 | 16.00 | 127.00 | 143.00 | OK | |
r-oldrel-macos-arm64 | 1.3-42 | 48.00 | OK | |||
r-oldrel-macos-x86_64 | 1.3-42 | 64.00 | OK | |||
r-oldrel-windows-x86_64 | 1.3-42 | 17.00 | 127.00 | 144.00 | OK |
Version: 1.3-42
Check: Rd cross-references
Result: NOTE
Undeclared packages ‘multcomp’, ‘agricolae’ in Rd xrefs
Flavor: r-devel-linux-x86_64-fedora-clang