CRAN Package Check Results for Package TreeLS

Last updated on 2019-10-20 23:47:39 CEST.

Flavor Version Tinstall Tcheck Ttotal Status Flags
r-devel-linux-x86_64-debian-clang 1.0 58.47 117.95 176.42 OK
r-devel-linux-x86_64-debian-gcc 1.0 46.80 89.69 136.49 OK
r-devel-linux-x86_64-fedora-clang 1.0 220.93 NOTE
r-devel-linux-x86_64-fedora-gcc 1.0 216.48 OK
r-devel-windows-ix86+x86_64 1.0 113.00 167.00 280.00 OK
r-patched-linux-x86_64 1.0 58.65 109.12 167.77 OK
r-patched-solaris-x86 1.0 219.30 OK
r-release-linux-x86_64 1.0 50.04 110.97 161.01 OK
r-release-windows-ix86+x86_64 1.0 155.00 216.00 371.00 OK
r-release-osx-x86_64 1.0 WARN
r-oldrel-windows-ix86+x86_64 1.0 107.00 162.00 269.00 OK
r-oldrel-osx-x86_64 1.0 NOTE

Additional issues

valgrind

Check Details

Version: 1.0
Check: installed package size
Result: NOTE
     installed size is 13.6Mb
     sub-directories of 1Mb or more:
     extdata 1.4Mb
     libs 12.0Mb
Flavors: r-devel-linux-x86_64-fedora-clang, r-release-osx-x86_64, r-oldrel-osx-x86_64

Version: 1.0
Check: whether package can be installed
Result: WARN
    Found the following significant warnings:
     Warning: 'rgl_init' failed, running with rgl.useNULL = TRUE
Flavor: r-release-osx-x86_64