CRAN Package Check Results for Package TreeLS

Last updated on 2019-07-15 00:50:54 CEST.

Flavor Version Tinstall Tcheck Ttotal Status Flags
r-devel-linux-x86_64-debian-clang 1.0 53.69 117.65 171.34 OK
r-devel-linux-x86_64-debian-gcc 1.0 45.96 89.62 135.58 OK
r-devel-linux-x86_64-fedora-clang 1.0 215.63 NOTE
r-devel-linux-x86_64-fedora-gcc 1.0 217.06 OK
r-devel-windows-ix86+x86_64 1.0 102.00 152.00 254.00 OK
r-patched-linux-x86_64 1.0 52.07 110.49 162.56 OK
r-patched-solaris-x86 1.0 242.60 OK
r-release-linux-x86_64 1.0 53.20 110.65 163.85 OK
r-release-windows-ix86+x86_64 1.0 107.00 210.00 317.00 OK
r-release-osx-x86_64 1.0 WARN
r-oldrel-windows-ix86+x86_64 1.0 138.00 153.00 291.00 OK
r-oldrel-osx-x86_64 1.0 NOTE

Additional issues

valgrind

Check Details

Version: 1.0
Check: installed package size
Result: NOTE
     installed size is 13.3Mb
     sub-directories of 1Mb or more:
     extdata 1.4Mb
     libs 11.7Mb
Flavors: r-devel-linux-x86_64-fedora-clang, r-release-osx-x86_64, r-oldrel-osx-x86_64

Version: 1.0
Check: whether package can be installed
Result: WARN
    Found the following significant warnings:
     Warning: 'rgl_init' failed, running with rgl.useNULL = TRUE
Flavor: r-release-osx-x86_64