CRAN Package Check Results for Package TooManyCellsR

Last updated on 2022-01-26 23:50:35 CET.

Flavor Version Tinstall Tcheck Ttotal Status Flags
r-devel-linux-x86_64-debian-clang 0.1.1.0 1.84 32.49 34.33 NOTE
r-devel-linux-x86_64-debian-gcc 0.1.1.0 1.36 25.54 26.90 NOTE
r-devel-linux-x86_64-fedora-clang 0.1.1.0 41.88 NOTE
r-devel-linux-x86_64-fedora-gcc 0.1.1.0 32.88 NOTE
r-devel-windows-x86_64-new-UL 0.1.1.0 25.00 189.00 214.00 NOTE
r-devel-windows-x86_64-new-TK 0.1.1.0 NOTE
r-patched-linux-x86_64 0.1.1.0 2.03 30.82 32.85 NOTE
r-release-linux-x86_64 0.1.1.0 2.07 30.72 32.79 NOTE
r-release-macos-arm64 0.1.1.0 NOTE
r-release-macos-x86_64 0.1.1.0 NOTE
r-release-windows-ix86+x86_64 0.1.1.0 7.00 40.00 47.00 NOTE
r-oldrel-macos-x86_64 0.1.1.0 NOTE
r-oldrel-windows-ix86+x86_64 0.1.1.0 6.00 40.00 46.00 OK

Check Details

Version: 0.1.1.0
Check: LazyData
Result: NOTE
     'LazyData' is specified without a 'data' directory
Flavors: r-devel-linux-x86_64-debian-clang, r-devel-linux-x86_64-debian-gcc, r-devel-linux-x86_64-fedora-clang, r-devel-linux-x86_64-fedora-gcc, r-devel-windows-x86_64-new-UL, r-devel-windows-x86_64-new-TK, r-patched-linux-x86_64, r-release-linux-x86_64, r-release-macos-arm64, r-release-macos-x86_64, r-release-windows-ix86+x86_64

Version: 0.1.1.0
Check: dependencies in R code
Result: NOTE
    Namespaces in Imports field not imported from:
     ‘cowplot’ ‘ggplot2’ ‘jsonlite’
     All declared Imports should be used.
Flavors: r-devel-linux-x86_64-fedora-clang, r-devel-linux-x86_64-fedora-gcc, r-devel-windows-x86_64-new-TK, r-release-macos-arm64, r-release-macos-x86_64, r-oldrel-macos-x86_64