CRAN Package Check Results for Package Tlasso

Last updated on 2021-04-17 23:48:43 CEST.

Flavor Version Tinstall Tcheck Ttotal Status Flags
r-devel-linux-x86_64-debian-clang 1.0.1 9.24 100.76 110.00 NOTE
r-devel-linux-x86_64-debian-gcc 1.0.1 7.16 83.69 90.85 NOTE
r-devel-linux-x86_64-fedora-clang 1.0.1 138.37 NOTE
r-devel-linux-x86_64-fedora-gcc 1.0.1 131.57 NOTE
r-devel-windows-ix86+x86_64 1.0.1 19.00 140.00 159.00 NOTE
r-devel-windows-x86_64-gcc10-UCRT 1.0.1 NOTE
r-patched-linux-x86_64 1.0.1 9.38 95.30 104.68 OK
r-patched-solaris-x86 1.0.1 202.20 OK
r-release-linux-x86_64 1.0.1 8.61 95.45 104.06 OK
r-release-macos-x86_64 1.0.1 OK
r-release-windows-ix86+x86_64 1.0.1 16.00 136.00 152.00 OK
r-oldrel-macos-x86_64 1.0.1 OK
r-oldrel-windows-ix86+x86_64 1.0.1 12.00 119.00 131.00 OK

Check Details

Version: 1.0.1
Check: LazyData
Result: NOTE
     'LazyData' is specified without a 'data' directory
Flavors: r-devel-linux-x86_64-debian-clang, r-devel-linux-x86_64-debian-gcc, r-devel-linux-x86_64-fedora-clang, r-devel-linux-x86_64-fedora-gcc, r-devel-windows-ix86+x86_64, r-devel-windows-x86_64-gcc10-UCRT