CRAN Package Check Results for Package Tinflex

Last updated on 2020-04-05 23:47:51 CEST.

Flavor Version Tinstall Tcheck Ttotal Status Flags
r-devel-linux-x86_64-debian-clang 1.5 3.48 32.87 36.35 OK
r-devel-linux-x86_64-debian-gcc 1.5 0.30 1.80 2.10 ERROR
r-devel-linux-x86_64-fedora-clang 1.5 44.50 OK
r-devel-linux-x86_64-fedora-gcc 1.5 43.98 OK
r-devel-windows-ix86+x86_64 1.5 12.00 60.00 72.00 OK
r-devel-windows-ix86+x86_64-gcc8 1.5 11.00 58.00 69.00 OK
r-patched-linux-x86_64 1.5 3.64 32.44 36.08 OK
r-patched-solaris-x86 1.5 67.70 OK
r-release-linux-x86_64 1.5 2.53 30.44 32.97 OK
r-release-windows-ix86+x86_64 1.5 9.00 86.00 95.00 OK
r-release-osx-x86_64 1.5 OK
r-oldrel-windows-ix86+x86_64 1.5 13.00 56.00 69.00 OK
r-oldrel-osx-x86_64 1.5 OK

Check Details

Version: 1.5
Check: whether package can be installed
Result: ERROR
    Installation failed.
Flavor: r-devel-linux-x86_64-debian-gcc