CRAN Package Check Results for Package TideTables

Last updated on 2024-06-13 00:55:35 CEST.

Flavor Version Tinstall Tcheck Ttotal Status Flags
r-devel-linux-x86_64-debian-clang 0.0.3 3.15 40.59 43.74 OK
r-devel-linux-x86_64-debian-gcc 0.0.3 2.94 28.45 31.39 ERROR
r-devel-linux-x86_64-fedora-clang 0.0.3 59.39 OK
r-devel-linux-x86_64-fedora-gcc 0.0.3 51.62 OK
r-devel-windows-x86_64 0.0.3 4.00 55.00 59.00 OK
r-patched-linux-x86_64 0.0.3 3.05 39.42 42.47 OK
r-release-linux-x86_64 0.0.3 2.75 38.72 41.47 OK
r-release-macos-arm64 0.0.3 20.00 OK
r-release-macos-x86_64 0.0.3 29.00 OK
r-release-windows-x86_64 0.0.3 4.00 53.00 57.00 OK
r-oldrel-macos-arm64 0.0.3 21.00 OK
r-oldrel-macos-x86_64 0.0.3 32.00 OK
r-oldrel-windows-x86_64 0.0.3 4.00 57.00 61.00 OK

Check Details

Version: 0.0.3
Check: package dependencies
Result: NOTE Package suggested but not available for checking: ‘testthat’ Flavor: r-devel-linux-x86_64-debian-gcc

Version: 0.0.3
Check: tests
Result: ERROR Running ‘testthat.R’ [0s/1s] Running the tests in ‘tests/testthat.R’ failed. Complete output: > library(testthat) Error in library(testthat) : there is no package called 'testthat' Execution halted Flavor: r-devel-linux-x86_64-debian-gcc