CRAN Package Check Results for Package Thresher

Last updated on 2019-05-27 02:51:22 CEST.

Flavor Version Tinstall Tcheck Ttotal Status Flags
r-devel-linux-x86_64-debian-clang 1.1.2 10.54 77.91 88.45 OK
r-devel-linux-x86_64-debian-gcc 1.1.2 8.73 59.97 68.70 OK
r-devel-linux-x86_64-fedora-clang 1.1.2 104.62 OK
r-devel-linux-x86_64-fedora-gcc 1.1.2 100.94 OK
r-devel-windows-ix86+x86_64 1.1.2 15.00 121.00 136.00 OK
r-patched-linux-x86_64 1.1.2 OK
r-patched-solaris-x86 1.1.2 156.50 OK
r-release-linux-x86_64 1.1.2 10.75 76.89 87.64 OK
r-release-windows-ix86+x86_64 1.1.2 25.00 139.00 164.00 OK
r-release-osx-x86_64 1.1.2 ERROR
r-oldrel-windows-ix86+x86_64 1.1.2 15.00 87.00 102.00 OK
r-oldrel-osx-x86_64 1.1.2 OK

Check Details

Version: 1.1.2
Check: package dependencies
Result: ERROR
    Packages required but not available: 'ClassDiscovery', 'PCDimension'
    
    See section ‘The DESCRIPTION file’ in the ‘Writing R Extensions’
    manual.
Flavor: r-release-osx-x86_64