CRAN Package Check Results for Package ThermalSampleR

Last updated on 2022-12-03 23:56:28 CET.

Flavor Version Tinstall Tcheck Ttotal Status Flags
r-devel-linux-x86_64-debian-clang 0.1.0 6.69 65.17 71.86 OK
r-devel-linux-x86_64-debian-gcc 0.1.0 5.92 48.50 54.42 OK
r-devel-linux-x86_64-fedora-clang 0.1.0 101.30 NOTE
r-devel-linux-x86_64-fedora-gcc 0.1.0 100.79 NOTE
r-devel-windows-x86_64 0.1.0 17.00 92.00 109.00 OK
r-patched-linux-x86_64 0.1.0 6.04 59.45 65.49 OK
r-release-linux-x86_64 0.1.0 5.40 62.11 67.51 OK
r-release-macos-arm64 0.1.0 28.00 NOTE
r-release-macos-x86_64 0.1.0 51.00 NOTE
r-release-windows-x86_64 0.1.0 19.00 234.00 253.00 OK
r-oldrel-macos-arm64 0.1.0 26.00 NOTE
r-oldrel-macos-x86_64 0.1.0 39.00 NOTE
r-oldrel-windows-ix86+x86_64 0.1.0 17.00 100.00 117.00 OK

Check Details

Version: 0.1.0
Check: dependencies in R code
Result: NOTE
    Namespaces in Imports field not imported from:
     ‘MASS’ ‘base’ ‘graphics’ ‘janitor’ ‘rlang’ ‘utils’
     All declared Imports should be used.
Flavors: r-devel-linux-x86_64-fedora-clang, r-devel-linux-x86_64-fedora-gcc, r-release-macos-arm64, r-release-macos-x86_64, r-oldrel-macos-arm64, r-oldrel-macos-x86_64