Last updated on 2022-05-27 23:54:58 CEST.
Flavor | Version | Tinstall | Tcheck | Ttotal | Status | Flags |
---|---|---|---|---|---|---|
r-devel-linux-x86_64-debian-clang | 1.3.3 | 87.97 | 252.65 | 340.62 | NOTE | |
r-devel-linux-x86_64-debian-gcc | 1.3.3 | 80.62 | 191.89 | 272.51 | NOTE | |
r-devel-linux-x86_64-fedora-clang | 1.3.3 | 477.10 | NOTE | |||
r-devel-linux-x86_64-fedora-gcc | 1.3.3 | 434.64 | NOTE | |||
r-devel-windows-x86_64 | 1.3.3 | 248.00 | 378.00 | 626.00 | NOTE | |
r-patched-linux-x86_64 | 1.3.3 | 74.31 | 250.87 | 325.18 | NOTE | |
r-release-linux-x86_64 | 1.3.3 | 87.22 | 251.45 | 338.67 | NOTE | |
r-release-macos-arm64 | 1.3.3 | 134.00 | NOTE | |||
r-release-macos-x86_64 | 1.3.3 | 159.00 | NOTE | |||
r-release-windows-x86_64 | 1.3.3 | 281.00 | 360.00 | 641.00 | NOTE | |
r-oldrel-macos-arm64 | 1.3.3 | 121.00 | NOTE | |||
r-oldrel-macos-x86_64 | 1.3.3 | 155.00 | NOTE | |||
r-oldrel-windows-ix86+x86_64 | 1.3.3 | 239.00 | 702.00 | 941.00 | NOTE |
Version: 1.3.3
Check: package dependencies
Result: NOTE
Package suggested but not available for checking: 'gurobi'
Flavors: r-devel-linux-x86_64-debian-clang, r-devel-linux-x86_64-debian-gcc, r-devel-linux-x86_64-fedora-clang, r-devel-linux-x86_64-fedora-gcc, r-devel-windows-x86_64, r-patched-linux-x86_64, r-release-linux-x86_64, r-release-macos-arm64, r-release-macos-x86_64, r-release-windows-x86_64, r-oldrel-macos-arm64, r-oldrel-macos-x86_64, r-oldrel-windows-ix86+x86_64
Version: 1.3.3
Check: installed package size
Result: NOTE
installed size is 6.0Mb
sub-directories of 1Mb or more:
libs 3.7Mb
Flavors: r-release-macos-arm64, r-release-macos-x86_64, r-oldrel-macos-arm64, r-oldrel-macos-x86_64