CRAN Package Check Results for Package Ternary

Last updated on 2023-01-30 00:31:26 CET.

Flavor Version Tinstall Tcheck Ttotal Status Flags
r-devel-linux-x86_64-debian-clang 2.1.2 7.83 106.11 113.94 OK
r-devel-linux-x86_64-debian-gcc 2.1.2 6.10 78.90 85.00 OK
r-devel-linux-x86_64-fedora-clang 2.1.2 146.76 NOTE
r-devel-linux-x86_64-fedora-gcc 2.1.2 167.10 OK
r-devel-windows-x86_64 2.1.2 47.00 186.00 233.00 NOTE
r-patched-linux-x86_64 2.1.2 9.27 98.32 107.59 OK
r-release-linux-x86_64 2.1.2 7.11 93.24 100.35 OK
r-release-macos-arm64 2.1.2 51.00 NOTE
r-release-macos-x86_64 2.1.2 61.00 NOTE
r-release-windows-x86_64 2.1.2 55.00 305.00 360.00 NOTE
r-oldrel-macos-arm64 2.1.2 54.00 NOTE
r-oldrel-macos-x86_64 2.1.2 72.00 NOTE
r-oldrel-windows-ix86+x86_64 2.1.2 18.00 332.00 350.00 NOTE

Check Details

Version: 2.1.2
Check: installed package size
Result: NOTE
     installed size is 5.5Mb
     sub-directories of 1Mb or more:
     doc 4.5Mb
Flavors: r-devel-linux-x86_64-fedora-clang, r-devel-windows-x86_64, r-release-macos-arm64, r-release-macos-x86_64, r-release-windows-x86_64, r-oldrel-macos-arm64, r-oldrel-macos-x86_64, r-oldrel-windows-ix86+x86_64