CRAN Package Check Results for Package TensorClustering

Last updated on 2022-07-06 23:52:56 CEST.

Flavor Version Tinstall Tcheck Ttotal Status Flags
r-devel-linux-x86_64-debian-clang 1.0.2 7.87 47.84 55.71 OK
r-devel-linux-x86_64-debian-gcc 1.0.2 6.16 36.07 42.23 OK
r-devel-linux-x86_64-fedora-clang 1.0.2 75.39 NOTE
r-devel-linux-x86_64-fedora-gcc 1.0.2 74.46 NOTE
r-devel-windows-x86_64 1.0.2 55.00 72.00 127.00 OK
r-patched-linux-x86_64 1.0.2 6.12 45.25 51.37 OK
r-release-linux-x86_64 1.0.2 6.93 45.23 52.16 OK
r-release-macos-arm64 1.0.2 26.00 NOTE
r-release-macos-x86_64 1.0.2 32.00 NOTE
r-release-windows-x86_64 1.0.2 32.00 80.00 112.00 OK
r-oldrel-macos-arm64 1.0.2 29.00 NOTE
r-oldrel-macos-x86_64 1.0.2 32.00 NOTE
r-oldrel-windows-ix86+x86_64 1.0.2 19.00 88.00 107.00 OK

Check Details

Version: 1.0.2
Check: dependencies in R code
Result: NOTE
    Namespace in Imports field not imported from: ‘Rcpp’
     All declared Imports should be used.
Flavors: r-devel-linux-x86_64-fedora-clang, r-devel-linux-x86_64-fedora-gcc, r-release-macos-arm64, r-release-macos-x86_64, r-oldrel-macos-arm64, r-oldrel-macos-x86_64