CRAN Package Check Results for Package TcGSA

Last updated on 2022-11-29 22:53:50 CET.

Flavor Version Tinstall Tcheck Ttotal Status Flags
r-devel-linux-x86_64-debian-clang 0.12.10 19.09 158.42 177.51 OK
r-devel-linux-x86_64-debian-gcc 0.12.10 15.51 117.65 133.16 OK
r-devel-linux-x86_64-fedora-clang 0.12.10 244.00 NOTE
r-devel-linux-x86_64-fedora-gcc 0.12.10 244.58 OK
r-devel-windows-x86_64 0.12.10 26.00 345.00 371.00 OK
r-patched-linux-x86_64 0.12.10 24.77 141.85 166.62 OK
r-release-linux-x86_64 0.12.10 19.46 140.39 159.85 OK
r-release-macos-arm64 0.12.10 68.00 OK
r-release-macos-x86_64 0.12.10 112.00 NOTE
r-release-windows-x86_64 0.12.10 30.00 169.00 199.00 OK
r-oldrel-macos-arm64 0.12.10 73.00 NOTE
r-oldrel-macos-x86_64 0.12.10 88.00 NOTE
r-oldrel-windows-ix86+x86_64 0.12.10 39.00 257.00 296.00 OK

Check Details

Version: 0.12.10
Check: package dependencies
Result: NOTE
    Package suggested but not available for checking: ‘dearseq’
Flavors: r-devel-linux-x86_64-fedora-clang, r-release-macos-x86_64, r-oldrel-macos-arm64, r-oldrel-macos-x86_64

Version: 0.12.10
Check: Rd cross-references
Result: NOTE
    Package unavailable to check Rd xrefs: ‘dearseq’
Flavors: r-devel-linux-x86_64-fedora-clang, r-release-macos-x86_64, r-oldrel-macos-arm64, r-oldrel-macos-x86_64