Last updated on 2023-05-30 00:59:59 CEST.
Flavor | Version | Tinstall | Tcheck | Ttotal | Status | Flags |
---|---|---|---|---|---|---|
r-devel-linux-x86_64-debian-clang | 1.7 | 2.63 | 24.21 | 26.84 | NOTE | |
r-devel-linux-x86_64-debian-gcc | 1.7 | 1.97 | 19.57 | 21.54 | NOTE | |
r-devel-linux-x86_64-fedora-clang | 1.7 | 34.40 | NOTE | |||
r-devel-linux-x86_64-fedora-gcc | 1.7 | 35.41 | NOTE | |||
r-devel-windows-x86_64 | 1.7 | 4.00 | 49.00 | 53.00 | NOTE | |
r-patched-linux-x86_64 | 1.7 | 2.53 | 23.82 | 26.35 | NOTE | |
r-release-linux-x86_64 | 1.7 | 2.05 | 23.74 | 25.79 | NOTE | |
r-release-macos-arm64 | 1.7 | 16.00 | NOTE | |||
r-release-macos-x86_64 | 1.7 | 21.00 | NOTE | |||
r-release-windows-x86_64 | 1.7 | 4.00 | 159.00 | 163.00 | NOTE | |
r-oldrel-macos-arm64 | 1.7 | 16.00 | OK | |||
r-oldrel-macos-x86_64 | 1.7 | 22.00 | OK | |||
r-oldrel-windows-x86_64 | 1.7 | 5.00 | 175.00 | 180.00 | OK |
Version: 1.7
Check: Rd files
Result: NOTE
checkRd: (-1) tmCtypes.Rd:22: Escaped LaTeX specials: \#
Flavors: r-devel-linux-x86_64-debian-clang, r-devel-linux-x86_64-debian-gcc, r-devel-linux-x86_64-fedora-clang, r-devel-linux-x86_64-fedora-gcc, r-devel-windows-x86_64, r-patched-linux-x86_64, r-release-linux-x86_64, r-release-macos-arm64, r-release-macos-x86_64, r-release-windows-x86_64