CRAN Package Check Results for Package TSsdmx

Last updated on 2019-09-15 23:46:35 CEST.

Flavor Version Tinstall Tcheck Ttotal Status Flags
r-devel-linux-x86_64-debian-clang 2016.8-1 6.25 58.77 65.02 OK
r-devel-linux-x86_64-debian-gcc 2016.8-1 6.52 46.21 52.73 OK
r-devel-linux-x86_64-fedora-clang 2016.8-1 78.56 OK
r-devel-linux-x86_64-fedora-gcc 2016.8-1 78.74 OK
r-devel-windows-ix86+x86_64 2016.8-1 14.00 6.00 20.00 ERROR
r-patched-linux-x86_64 2016.8-1 5.66 57.97 63.63 OK
r-patched-solaris-x86 2016.8-1 106.60 OK
r-release-linux-x86_64 2016.8-1 5.68 56.68 62.36 OK
r-release-windows-ix86+x86_64 2016.8-1 15.00 71.00 86.00 OK
r-release-osx-x86_64 2016.8-1 OK
r-oldrel-windows-ix86+x86_64 2016.8-1 11.00 71.00 82.00 OK
r-oldrel-osx-x86_64 2016.8-1 OK

Check Details

Version: 2016.8-1
Check: whether package can be installed
Result: ERROR
    Installation failed.
Flavor: r-devel-windows-ix86+x86_64