CRAN Package Check Results for Package TSdata

Last updated on 2019-07-15 00:50:55 CEST.

Flavor Version Tinstall Tcheck Ttotal Status Flags
r-devel-linux-x86_64-debian-clang 2016.8-1 1.24 14.18 15.42 OK --no-vignettes
r-devel-linux-x86_64-debian-gcc 2016.8-1 0.93 11.32 12.25 OK --no-vignettes
r-devel-linux-x86_64-fedora-clang 2016.8-1 19.47 OK --no-vignettes
r-devel-linux-x86_64-fedora-gcc 2016.8-1 19.08 OK --no-vignettes
r-devel-windows-ix86+x86_64 2016.8-1 3.00 21.00 24.00 OK --no-vignettes
r-patched-linux-x86_64 2016.8-1 1.18 14.15 15.33 OK --no-vignettes
r-patched-solaris-x86 2016.8-1 25.60 OK --no-vignettes
r-release-linux-x86_64 2016.8-1 1.17 13.96 15.13 OK --no-vignettes
r-release-windows-ix86+x86_64 2016.8-1 4.00 30.00 34.00 OK --no-vignettes
r-release-osx-x86_64 2016.8-1 ERROR
r-oldrel-windows-ix86+x86_64 2016.8-1 3.00 21.00 24.00 OK --no-vignettes
r-oldrel-osx-x86_64 2016.8-1 ERROR

Check Details

Version: 2016.8-1
Check: package dependencies
Result: NOTE
    Package suggested but not available for checking: ‘TSodbc’
Flavors: r-release-osx-x86_64, r-oldrel-osx-x86_64

Version: 2016.8-1
Check: Rd cross-references
Result: NOTE
    Package unavailable to check Rd xrefs: ‘TSodbc’
Flavors: r-release-osx-x86_64, r-oldrel-osx-x86_64

Version: 2016.8-1
Check: running R code from vignettes
Result: ERROR
    Errors in running code in vignettes:
    when running code in ‘Guide.Stex’
     ...
    > z <- TSget("ei_nama_q.Q.MIO-EUR.NSA.CP.NA-P72.IT",
    + eurostat)
    Apr 16, 2019 10:07:08 AM it.bancaditalia.oss.sdmx.client.RestSdmxClient runQuery
    INFO: Contacting web service with query: http://ec.europa.eu/eurostat/SDMX/diss-web/rest/dataflow/ESTAT/ei_nama_q/latest/
    Apr 16, 2019 10:07:08 AM it.bancaditalia.oss.sdmx.client.RestSdmxClient runQuery
    SEVERE: Internal Server Error
    
     When sourcing ‘Guide.R’:
    Error: ei_nama_q.Q.MIO-EUR.NSA.CP.NA-P72.IT error: it.bancaditalia.oss.sdmx.exceptions.SdmxResponseException: (500): Error on the provider side.
    Execution halted
    when running code in ‘GuideAppendix.Stex’
     ...
    
    > options(continue = " ")
    
    > user <- Sys.getenv("MYSQL_USER")
    
    > setup <- RMySQL::dbConnect(RMySQL::MySQL(), dbname = "test")
    
     When sourcing ‘GuideAppendix.R’:
    Error: Failed to connect to database: Error: Can't connect to local MySQL server through socket '/tmp/mysql.sock' (2)
    Execution halted
Flavor: r-release-osx-x86_64

Version: 2016.8-1
Check: re-building of vignette outputs
Result: NOTE
    Error(s) in re-building vignettes:
    --- re-building ‘Guide.Stex’ using Sweave
    Loading required package: TSdbi
    Apr 16, 2019 10:07:19 AM it.bancaditalia.oss.sdmx.util.Configuration init
    INFO: No configuration found. Apply defaults.
    WARNING: An illegal reflective access operation has occurred
    WARNING: Illegal reflective access by RJavaTools to method java.util.TreeMap$Entry.getKey()
    WARNING: Please consider reporting this to the maintainers of RJavaTools
    WARNING: Use --illegal-access=warn to enable warnings of further illegal reflective access operations
    WARNING: All illegal access operations will be denied in a future release
    Apr 16, 2019 10:07:19 AM it.bancaditalia.oss.sdmx.client.RestSdmxClient runQuery
    INFO: Contacting web service with query: https://stats.oecd.org/restsdmx/sdmx.ashx/GetDataStructure/QNA
    Apr 16, 2019 10:07:22 AM it.bancaditalia.oss.sdmx.client.RestSdmxClient runQuery
    INFO: Contacting web service with query: https://stats.oecd.org/restsdmx/sdmx.ashx/GetDataStructure/QNA
    Apr 16, 2019 10:07:22 AM it.bancaditalia.oss.sdmx.client.RestSdmxClient runQuery
    INFO: Contacting web service with query: https://stats.oecd.org/restsdmx/sdmx.ashx/GetData/QNA/CAN.B1_GE.CARSA.Q?format=compact_v2
    Apr 16, 2019 10:07:23 AM it.bancaditalia.oss.sdmx.client.RestSdmxClient runQuery
    INFO: Contacting web service with query: https://stats.oecd.org/restsdmx/sdmx.ashx/GetData/QNA/CAN%2BUSA%2BMEX.B1_GE.CARSA.Q?format=compact_v2
    Apr 16, 2019 10:07:25 AM it.bancaditalia.oss.sdmx.client.RestSdmxClient runQuery
    INFO: Contacting web service with query: http://ec.europa.eu/eurostat/SDMX/diss-web/rest/dataflow/ESTAT/ei_nama_q/latest/
    Apr 16, 2019 10:07:25 AM it.bancaditalia.oss.sdmx.client.RestSdmxClient runQuery
    SEVERE: Internal Server Error
    
    Error: processing vignette 'Guide.Stex' failed with diagnostics:
     chunk 5
    Error in .local(serIDs, con, ...) :
     ei_nama_q.Q.MIO-EUR.NSA.CP.NA-P72.IT error: it.bancaditalia.oss.sdmx.exceptions.SdmxResponseException: (500): Error on the provider side.
    
    --- failed re-building ‘Guide.Stex’
    
    --- re-building ‘GuideAppendix.Stex’ using Sweave
    
    Error: processing vignette 'GuideAppendix.Stex' failed with diagnostics:
     chunk 3
    Error in .local(drv, ...) :
     Failed to connect to database: Error: Can't connect to local MySQL server through socket '/tmp/mysql.sock' (2)
    
    
    --- failed re-building ‘GuideAppendix.Stex’
    
    --- re-building ‘GuideDevel.Stex’ using Sweave
    --- finished re-building ‘GuideDevel.Stex’
    
    SUMMARY: processing the following files failed:
     ‘Guide.Stex’ ‘GuideAppendix.Stex’
    
    Error: Vignette re-building failed.
    Execution halted
Flavor: r-release-osx-x86_64

Version: 2016.8-1
Check: running R code from vignettes
Result: ERROR
    Errors in running code in vignettes:
    when running code in ‘Guide.Stex’
     ...
    > z <- TSget("ei_nama_q.Q.MIO-EUR.NSA.CP.NA-P72.IT",
    + eurostat)
    Apr 23, 2018 11:16:19 AM it.bancaditalia.oss.sdmx.client.RestSdmxClient runQuery
    INFO: Contacting web service with query: http://ec.europa.eu/eurostat/SDMX/diss-web/rest/dataflow/ESTAT/ei_nama_q/latest/
    Apr 23, 2018 11:16:20 AM it.bancaditalia.oss.sdmx.client.RestSdmxClient runQuery
    SEVERE: (500): Error on the provider side.
    
     When sourcing ‘Guide.R’:
    Error: ei_nama_q.Q.MIO-EUR.NSA.CP.NA-P72.IT error: it.bancaditalia.oss.sdmx.exceptions.SdmxResponseException: (500): Error on the provider side.
    Execution halted
    when running code in ‘GuideAppendix.Stex’
     ...
    
    > options(continue = " ")
    
    > user <- Sys.getenv("MYSQL_USER")
    
    > setup <- RMySQL::dbConnect(RMySQL::MySQL(), dbname = "test")
    
     When sourcing ‘GuideAppendix.R’:
    Error: Failed to connect to database: Error: Can't connect to local MySQL server through socket '/tmp/mysql.sock' (2)
    Execution halted
Flavor: r-oldrel-osx-x86_64

Version: 2016.8-1
Check: re-building of vignette outputs
Result: NOTE
    Error in re-building vignettes:
     ...
    Loading required package: TSdbi
    Apr 23, 2018 11:16:26 AM it.bancaditalia.oss.sdmx.util.Configuration init
    INFO: No configuration found. Apply defaults.
    Apr 23, 2018 11:16:26 AM it.bancaditalia.oss.sdmx.client.RestSdmxClient runQuery
    INFO: Contacting web service with query: https://stats.oecd.org/restsdmx/sdmx.ashx/GetDataStructure/QNA
    Apr 23, 2018 11:16:28 AM it.bancaditalia.oss.sdmx.client.RestSdmxClient runQuery
    INFO: Contacting web service with query: https://stats.oecd.org/restsdmx/sdmx.ashx/GetDataStructure/QNA
    Apr 23, 2018 11:16:28 AM it.bancaditalia.oss.sdmx.client.RestSdmxClient runQuery
    INFO: Contacting web service with query: https://stats.oecd.org/restsdmx/sdmx.ashx/GetData/QNA/CAN.B1_GE.CARSA.Q?format=compact_v2
    Apr 23, 2018 11:16:29 AM it.bancaditalia.oss.sdmx.client.RestSdmxClient runQuery
    INFO: Contacting web service with query: https://stats.oecd.org/restsdmx/sdmx.ashx/GetData/QNA/CAN%2BUSA%2BMEX.B1_GE.CARSA.Q?format=compact_v2
    Apr 23, 2018 11:16:30 AM it.bancaditalia.oss.sdmx.client.RestSdmxClient runQuery
    INFO: Contacting web service with query: http://ec.europa.eu/eurostat/SDMX/diss-web/rest/dataflow/ESTAT/ei_nama_q/latest/
    Apr 23, 2018 11:16:30 AM it.bancaditalia.oss.sdmx.client.RestSdmxClient runQuery
    SEVERE: (500): Error on the provider side.
    
    Error: processing vignette 'Guide.Stex' failed with diagnostics:
     chunk 5
    Error in .local(serIDs, con, ...) :
     ei_nama_q.Q.MIO-EUR.NSA.CP.NA-P72.IT error: it.bancaditalia.oss.sdmx.exceptions.SdmxResponseException: (500): Error on the provider side.
    Execution halted
Flavor: r-oldrel-osx-x86_64