CRAN Package Check Results for Package TScompare

Last updated on 2019-09-15 23:46:35 CEST.

Flavor Version Tinstall Tcheck Ttotal Status Flags
r-devel-linux-x86_64-debian-clang 2015.4-1 3.14 28.09 31.23 NOTE
r-devel-linux-x86_64-debian-gcc 2015.4-1 2.40 22.70 25.10 NOTE
r-devel-linux-x86_64-fedora-clang 2015.4-1 37.74 NOTE
r-devel-linux-x86_64-fedora-gcc 2015.4-1 37.19 NOTE
r-devel-windows-ix86+x86_64 2015.4-1 10.00 39.00 49.00 NOTE
r-patched-linux-x86_64 2015.4-1 2.22 28.08 30.30 NOTE
r-patched-solaris-x86 2015.4-1 57.20 NOTE
r-release-linux-x86_64 2015.4-1 2.64 27.69 30.33 NOTE
r-release-windows-ix86+x86_64 2015.4-1 6.00 39.00 45.00 NOTE
r-release-osx-x86_64 2015.4-1 NOTE
r-oldrel-windows-ix86+x86_64 2015.4-1 5.00 40.00 45.00 NOTE
r-oldrel-osx-x86_64 2015.4-1 NOTE

Check Details

Version: 2015.4-1
Check: R code for possible problems
Result: NOTE
    tfDetails: no visible global function definition for 'start'
    tfDetails: no visible global function definition for 'end'
    Undefined global functions or variables:
     end start
    Consider adding
     importFrom("stats", "end", "start")
    to your NAMESPACE file.
Flavors: r-devel-linux-x86_64-debian-clang, r-devel-linux-x86_64-debian-gcc, r-devel-linux-x86_64-fedora-clang, r-devel-linux-x86_64-fedora-gcc, r-devel-windows-ix86+x86_64, r-patched-linux-x86_64, r-patched-solaris-x86, r-release-linux-x86_64, r-release-windows-ix86+x86_64, r-release-osx-x86_64, r-oldrel-windows-ix86+x86_64, r-oldrel-osx-x86_64

Version: 2015.4-1
Check: package dependencies
Result: NOTE
    Package which this enhances but not available for checking: ‘TSodbc’
Flavors: r-release-osx-x86_64, r-oldrel-osx-x86_64