CRAN Package Check Results for Package TScompare

Last updated on 2020-02-17 00:49:31 CET.

Flavor Version Tinstall Tcheck Ttotal Status Flags
r-devel-linux-x86_64-debian-clang 2015.4-1 3.10 29.98 33.08 NOTE
r-devel-linux-x86_64-debian-gcc 2015.4-1 2.66 24.70 27.36 NOTE
r-devel-linux-x86_64-fedora-clang 2015.4-1 42.76 NOTE
r-devel-windows-ix86+x86_64 2015.4-1 7.00 48.00 55.00 NOTE
r-devel-windows-ix86+x86_64-gcc8 2015.4-1 11.00 71.00 82.00 NOTE
r-patched-linux-x86_64 2015.4-1 2.74 26.98 29.72 NOTE
r-patched-solaris-x86 2015.4-1 56.50 NOTE
r-release-linux-x86_64 2015.4-1 2.20 27.04 29.24 NOTE
r-release-windows-ix86+x86_64 2015.4-1 6.00 39.00 45.00 NOTE
r-release-osx-x86_64 2015.4-1 NOTE
r-oldrel-windows-ix86+x86_64 2015.4-1 3.00 39.00 42.00 NOTE
r-oldrel-osx-x86_64 2015.4-1 NOTE

Check Details

Version: 2015.4-1
Check: R code for possible problems
Result: NOTE
    tfDetails: no visible global function definition for 'start'
    tfDetails: no visible global function definition for 'end'
    Undefined global functions or variables:
     end start
    Consider adding
     importFrom("stats", "end", "start")
    to your NAMESPACE file.
Flavors: r-devel-linux-x86_64-debian-clang, r-devel-linux-x86_64-debian-gcc, r-devel-linux-x86_64-fedora-clang, r-devel-windows-ix86+x86_64, r-devel-windows-ix86+x86_64-gcc8, r-patched-linux-x86_64, r-patched-solaris-x86, r-release-linux-x86_64, r-release-windows-ix86+x86_64, r-release-osx-x86_64, r-oldrel-windows-ix86+x86_64, r-oldrel-osx-x86_64

Version: 2015.4-1
Check: package dependencies
Result: NOTE
    Package which this enhances but not available for checking: ‘TSodbc’
Flavors: r-release-osx-x86_64, r-oldrel-osx-x86_64