Last updated on 2022-07-05 23:55:54 CEST.
Flavor | Version | Tinstall | Tcheck | Ttotal | Status | Flags |
---|---|---|---|---|---|---|
r-devel-linux-x86_64-debian-clang | 0.1 | 8.67 | 87.45 | 96.12 | NOTE | |
r-devel-linux-x86_64-debian-gcc | 0.1 | 6.83 | 66.47 | 73.30 | NOTE | |
r-devel-linux-x86_64-fedora-clang | 0.1 | 122.84 | NOTE | |||
r-devel-linux-x86_64-fedora-gcc | 0.1 | 123.58 | NOTE | |||
r-devel-windows-x86_64 | 0.1 | 9.00 | 110.00 | 119.00 | NOTE | |
r-patched-linux-x86_64 | 0.1 | 8.23 | 84.73 | 92.96 | NOTE | |
r-release-linux-x86_64 | 0.1 | 7.62 | 82.71 | 90.33 | NOTE | |
r-release-macos-arm64 | 0.1 | 33.00 | NOTE | |||
r-release-macos-x86_64 | 0.1 | 53.00 | NOTE | |||
r-release-windows-x86_64 | 0.1 | 10.00 | 113.00 | 123.00 | NOTE | |
r-oldrel-macos-arm64 | 0.1 | 40.00 | NOTE | |||
r-oldrel-macos-x86_64 | 0.1 | 63.00 | NOTE | |||
r-oldrel-windows-ix86+x86_64 | 0.1 | 17.00 | 104.00 | 121.00 | NOTE |
Version: 0.1
Check: LazyData
Result: NOTE
'LazyData' is specified without a 'data' directory
Flavors: r-devel-linux-x86_64-debian-clang, r-devel-linux-x86_64-debian-gcc, r-devel-linux-x86_64-fedora-clang, r-devel-linux-x86_64-fedora-gcc, r-devel-windows-x86_64, r-patched-linux-x86_64, r-release-linux-x86_64, r-release-macos-arm64, r-release-macos-x86_64, r-release-windows-x86_64, r-oldrel-macos-arm64, r-oldrel-macos-x86_64, r-oldrel-windows-ix86+x86_64