CRAN Package Check Results for Package TSDT

Last updated on 2024-06-17 00:50:14 CEST.

Flavor Version Tinstall Tcheck Ttotal Status Flags
r-devel-linux-x86_64-debian-clang 1.0.7 17.12 113.48 130.60 NOTE
r-devel-linux-x86_64-debian-gcc 1.0.7 13.52 84.57 98.09 NOTE
r-devel-linux-x86_64-fedora-clang 1.0.7 163.65 NOTE
r-devel-linux-x86_64-fedora-gcc 1.0.7 152.68 NOTE
r-devel-windows-x86_64 1.0.7 15.00 180.00 195.00 NOTE
r-patched-linux-x86_64 1.0.7 14.73 111.33 126.06 NOTE
r-release-linux-x86_64 1.0.7 13.07 107.61 120.68 NOTE
r-release-macos-arm64 1.0.7 43.00 NOTE
r-release-macos-x86_64 1.0.7 75.00 NOTE
r-release-windows-x86_64 1.0.7 15.00 104.00 119.00 NOTE
r-oldrel-macos-arm64 1.0.7 46.00 OK
r-oldrel-macos-x86_64 1.0.7 82.00 OK
r-oldrel-windows-x86_64 1.0.7 19.00 261.00 280.00 OK

Check Details

Version: 1.0.7
Check: Rd files
Result: NOTE checkRd: (-1) binary_transform.Rd:16: Lost braces; missing escapes or markup? 16 | Converts any variable with two possible values to a {0,1} binary | ^ checkRd: (-1) binary_transform.Rd:13: Lost braces; missing escapes or markup? 13 | A vector with values in {0,1}. | ^ Flavors: r-devel-linux-x86_64-debian-clang, r-devel-linux-x86_64-debian-gcc, r-devel-linux-x86_64-fedora-clang, r-devel-linux-x86_64-fedora-gcc, r-devel-windows-x86_64, r-patched-linux-x86_64, r-release-linux-x86_64, r-release-macos-arm64, r-release-macos-x86_64, r-release-windows-x86_64